Last updated on 2022-05-18 03:53:40 CEST.
Flavor | Version | Tinstall | Tcheck | Ttotal | Status | Flags |
---|---|---|---|---|---|---|
r-devel-linux-x86_64-debian-clang | 0.1.1 | 5.26 | 55.33 | 60.59 | OK | |
r-devel-linux-x86_64-debian-gcc | 0.1.1 | 4.18 | 41.70 | 45.88 | OK | |
r-devel-linux-x86_64-fedora-clang | 0.1.1 | 72.62 | NOTE | |||
r-devel-linux-x86_64-fedora-gcc | 0.1.1 | 70.75 | NOTE | |||
r-devel-windows-x86_64 | 0.1.1 | 38.00 | 72.00 | 110.00 | OK | |
r-patched-linux-x86_64 | 0.1.1 | 4.93 | 51.69 | 56.62 | OK | |
r-release-linux-x86_64 | 0.1.1 | 4.55 | 52.03 | 56.58 | OK | |
r-release-macos-arm64 | 0.1.1 | 23.00 | NOTE | |||
r-release-macos-x86_64 | 0.1.1 | 40.00 | NOTE | |||
r-release-windows-x86_64 | 0.1.1 | 43.00 | 68.00 | 111.00 | OK | |
r-oldrel-macos-arm64 | 0.1.1 | 126.00 | NOTE | |||
r-oldrel-macos-x86_64 | 0.1.1 | 32.00 | NOTE | |||
r-oldrel-windows-ix86+x86_64 | 0.1.1 | 14.00 | 65.00 | 79.00 | OK |
Version: 0.1.1
Check: data for non-ASCII characters
Result: NOTE
Note: found 461377 marked UTF-8 strings
Flavors: r-devel-linux-x86_64-fedora-clang, r-devel-linux-x86_64-fedora-gcc, r-release-macos-arm64, r-release-macos-x86_64, r-oldrel-macos-arm64, r-oldrel-macos-x86_64