CRAN Package Check Results for Package janeaustenr

Last updated on 2024-06-24 16:57:06 CEST.

Flavor Version Tinstall Tcheck Ttotal Status Flags
r-devel-linux-x86_64-debian-clang 1.0.0 2.99 26.37 29.36 OK
r-devel-linux-x86_64-debian-gcc 1.0.0 2.55 20.49 23.04 OK
r-devel-linux-x86_64-fedora-clang 1.0.0 37.95 NOTE
r-devel-linux-x86_64-fedora-gcc 1.0.0 36.69 NOTE
r-devel-windows-x86_64 1.0.0 5.00 44.00 49.00 OK
r-patched-linux-x86_64 1.0.0 3.79 25.39 29.18 OK
r-release-linux-x86_64 1.0.0 2.91 25.09 28.00 OK
r-release-macos-arm64 1.0.0 17.00 OK
r-release-macos-x86_64 1.0.0 26.00 OK
r-release-windows-x86_64 1.0.0 4.00 44.00 48.00 OK
r-oldrel-macos-arm64 1.0.0 18.00 OK
r-oldrel-macos-x86_64 1.0.0 26.00 OK
r-oldrel-windows-x86_64 1.0.0 5.00 46.00 51.00 OK

Check Details

Version: 1.0.0
Check: data for non-ASCII characters
Result: NOTE Note: found 1 marked UTF-8 string Flavors: r-devel-linux-x86_64-fedora-clang, r-devel-linux-x86_64-fedora-gcc