CRAN Package Check Results for Package jackstraw

Last updated on 2021-06-15 19:52:55 CEST.

Flavor Version Tinstall Tcheck Ttotal Status Flags
r-devel-linux-x86_64-debian-gcc 1.3.1 9.29 71.08 80.37 OK
r-devel-linux-x86_64-fedora-clang 1.3.1 144.25 OK
r-devel-linux-x86_64-fedora-gcc 1.3.1 121.15 OK
r-devel-windows-x86_64 1.3.1 18.00 114.00 132.00 OK
r-devel-windows-x86_64-gcc10-UCRT 1.3.1 OK
r-patched-linux-x86_64 1.3.1 12.52 88.03 100.55 OK
r-patched-solaris-x86 1.3.1 173.30 OK
r-release-linux-x86_64 1.3.1 10.18 88.85 99.03 OK
r-release-macos-arm64 1.3 ERROR
r-release-macos-x86_64 1.3.1 ERROR
r-release-windows-ix86+x86_64 1.3.1 20.00 110.00 130.00 OK
r-oldrel-macos-x86_64 1.3.1 ERROR
r-oldrel-windows-ix86+x86_64 1.3.1 20.00 100.00 120.00 OK

Check Details

Version: 1.3
Check: package dependencies
Result: ERROR
    Packages required but not available: 'qvalue', 'lfa'
    
    See section ‘The DESCRIPTION file’ in the ‘Writing R Extensions’
    manual.
Flavor: r-release-macos-arm64

Version: 1.3.1
Check: package dependencies
Result: ERROR
    Package required but not available: ‘lfa’
    
    See section ‘The DESCRIPTION file’ in the ‘Writing R Extensions’
    manual.
Flavors: r-release-macos-x86_64, r-oldrel-macos-x86_64