CRAN Package Check Results for Package jackstraw

Last updated on 2024-06-13 16:49:11 CEST.

Flavor Version Tinstall Tcheck Ttotal Status Flags
r-devel-linux-x86_64-debian-clang 1.3.9 3.59 51.56 55.15 OK
r-devel-linux-x86_64-debian-gcc 1.3.9 0.31 1.70 2.01 ERROR
r-devel-linux-x86_64-fedora-clang 1.3.9 69.50 OK
r-devel-linux-x86_64-fedora-gcc 1.3.9 66.31 OK
r-devel-windows-x86_64 1.3.9 4.00 60.00 64.00 OK
r-patched-linux-x86_64 1.3.9 4.69 50.75 55.44 OK
r-release-linux-x86_64 1.3.9 2.65 50.19 52.84 OK
r-release-macos-arm64 1.3.9 24.00 OK
r-release-macos-x86_64 1.3.9 38.00 OK
r-release-windows-x86_64 1.3.9 5.00 70.00 75.00 OK
r-oldrel-macos-arm64 1.3.9 33.00 OK
r-oldrel-macos-x86_64 1.3.9 46.00 OK
r-oldrel-windows-x86_64 1.3.9 6.00 69.00 75.00 OK

Check Details

Version: 1.3.9
Check: package dependencies
Result: ERROR Packages required but not available: 'qvalue', 'ClusterR' Package suggested but not available for checking: ‘testthat’ See section ‘The DESCRIPTION file’ in the ‘Writing R Extensions’ manual. Flavor: r-devel-linux-x86_64-debian-gcc