CRAN Package Check Results for Package jackstrap

Last updated on 2021-02-28 11:51:55 CET.

Flavor Version Tinstall Tcheck Ttotal Status Flags
r-devel-linux-x86_64-debian-clang 0.1.0 6.41 57.15 63.56 OK
r-devel-linux-x86_64-debian-gcc 0.1.0 4.84 43.10 47.94 OK
r-devel-linux-x86_64-fedora-clang 0.1.0 85.11 NOTE
r-devel-linux-x86_64-fedora-gcc 0.1.0 71.45 NOTE
r-devel-windows-ix86+x86_64 0.1.0 14.00 61.00 75.00 OK
r-patched-linux-x86_64 0.1.0 5.77 53.07 58.84 OK
r-patched-solaris-x86 0.1.0 100.90 NOTE
r-release-linux-x86_64 0.1.0 5.98 53.37 59.35 OK
r-release-macos-x86_64 0.1.0 NOTE
r-release-windows-ix86+x86_64 0.1.0 17.00 79.00 96.00 OK
r-oldrel-macos-x86_64 0.1.0 NOTE
r-oldrel-windows-ix86+x86_64 0.1.0 9.00 75.00 84.00 OK

Check Details

Version: 0.1.0
Check: dependencies in R code
Result: NOTE
    Namespaces in Imports field not imported from:
     ‘fBasics’ ‘reshape’ ‘tidyr’ ‘utils’
     All declared Imports should be used.
Flavors: r-devel-linux-x86_64-fedora-clang, r-devel-linux-x86_64-fedora-gcc, r-patched-solaris-x86, r-release-macos-x86_64, r-oldrel-macos-x86_64

Version: 0.1.0
Check: data for non-ASCII characters
Result: NOTE
     Note: found 2261 marked UTF-8 strings
Flavors: r-devel-linux-x86_64-fedora-clang, r-devel-linux-x86_64-fedora-gcc, r-patched-solaris-x86, r-release-macos-x86_64, r-oldrel-macos-x86_64