Last updated on 2021-03-04 15:49:20 CET.
Flavor | Version | Tinstall | Tcheck | Ttotal | Status | Flags |
---|---|---|---|---|---|---|
r-devel-linux-x86_64-debian-clang | 0.1.0 | 2.07 | 35.37 | 37.44 | NOTE | |
r-devel-linux-x86_64-debian-gcc | 0.1.0 | 1.82 | 28.57 | 30.39 | NOTE | |
r-devel-linux-x86_64-fedora-clang | 0.1.0 | 56.30 | NOTE | |||
r-devel-linux-x86_64-fedora-gcc | 0.1.0 | 44.63 | NOTE | |||
r-devel-windows-ix86+x86_64 | 0.1.0 | 5.00 | 56.00 | 61.00 | NOTE | |
r-patched-linux-x86_64 | 0.1.0 | 2.33 | 34.15 | 36.48 | NOTE | |
r-patched-solaris-x86 | 0.1.0 | 68.30 | NOTE | |||
r-release-linux-x86_64 | 0.1.0 | 2.02 | 34.10 | 36.12 | NOTE | |
r-release-macos-x86_64 | 0.1.0 | NOTE | ||||
r-release-windows-ix86+x86_64 | 0.1.0 | 5.00 | 39.00 | 44.00 | NOTE | |
r-oldrel-macos-x86_64 | 0.1.0 | NOTE | ||||
r-oldrel-windows-ix86+x86_64 | 0.1.0 | 4.00 | 48.00 | 52.00 | NOTE |
Version: 0.1.0
Check: package dependencies
Result: NOTE
Package suggested but not available for checking: 'locClass'
Flavors: r-devel-linux-x86_64-debian-clang, r-devel-linux-x86_64-debian-gcc, r-devel-linux-x86_64-fedora-clang, r-devel-linux-x86_64-fedora-gcc, r-devel-windows-ix86+x86_64, r-patched-linux-x86_64, r-patched-solaris-x86, r-release-linux-x86_64, r-release-macos-x86_64, r-release-windows-ix86+x86_64, r-oldrel-macos-x86_64, r-oldrel-windows-ix86+x86_64