CRAN Package Check Results for Package ivdesc

Last updated on 2021-04-20 23:47:46 CEST.

Flavor Version Tinstall Tcheck Ttotal Status Flags
r-devel-linux-x86_64-debian-clang 1.1.0 5.40 49.04 54.44 NOTE
r-devel-linux-x86_64-debian-gcc 1.1.0 3.81 36.91 40.72 NOTE
r-devel-linux-x86_64-fedora-clang 1.1.0 77.87 NOTE
r-devel-linux-x86_64-fedora-gcc 1.1.0 61.44 NOTE
r-devel-windows-ix86+x86_64 1.1.0 9.00 50.00 59.00 NOTE
r-devel-windows-x86_64-gcc10-UCRT 1.1.0 NOTE
r-patched-linux-x86_64 1.1.0 5.55 46.61 52.16 OK
r-patched-solaris-x86 1.1.0 93.30 OK
r-release-linux-x86_64 1.1.0 5.20 45.83 51.03 OK
r-release-macos-x86_64 1.1.0 OK
r-release-windows-ix86+x86_64 1.1.0 13.00 68.00 81.00 OK
r-oldrel-macos-x86_64 1.1.0 OK
r-oldrel-windows-ix86+x86_64 1.1.0 28.00 63.00 91.00 OK

Check Details

Version: 1.1.0
Check: LazyData
Result: NOTE
     'LazyData' is specified without a 'data' directory
Flavors: r-devel-linux-x86_64-debian-clang, r-devel-linux-x86_64-debian-gcc, r-devel-linux-x86_64-fedora-clang, r-devel-linux-x86_64-fedora-gcc, r-devel-windows-ix86+x86_64, r-devel-windows-x86_64-gcc10-UCRT

Version: 1.1.0
Check: Rd cross-references
Result: NOTE
    Undeclared package ‘AER’ in Rd xrefs
Flavor: r-devel-linux-x86_64-fedora-clang