CRAN Package Check Results for Package isoreader

Last updated on 2021-03-06 23:48:32 CET.

Flavor Version Tinstall Tcheck Ttotal Status Flags
r-devel-linux-x86_64-debian-clang 1.3.0 17.06 280.93 297.99 OK
r-devel-linux-x86_64-debian-gcc 1.3.0 12.96 207.93 220.89 OK
r-devel-linux-x86_64-fedora-clang 1.3.0 359.22 OK
r-devel-linux-x86_64-fedora-gcc 1.3.0 367.29 OK
r-devel-windows-ix86+x86_64 1.3.0 28.00 341.00 369.00 OK
r-patched-linux-x86_64 1.3.0 15.87 272.02 287.89 OK
r-patched-solaris-x86 1.3.0 409.70 NOTE
r-release-linux-x86_64 1.3.0 15.21 271.06 286.27 OK
r-release-macos-x86_64 1.3.0 OK
r-release-windows-ix86+x86_64 1.3.0 25.00 261.00 286.00 OK
r-oldrel-macos-x86_64 1.3.0 ERROR
r-oldrel-windows-ix86+x86_64 1.2.7 32.00 319.00 351.00 OK

Check Details

Version: 1.3.0
Check: installed package size
Result: NOTE
     installed size is 5.3Mb
     sub-directories of 1Mb or more:
     extdata 3.4Mb
Flavor: r-patched-solaris-x86

Version: 1.3.0
Check: whether package can be installed
Result: ERROR
    Installation failed.
Flavor: r-oldrel-macos-x86_64