Last updated on 2021-03-02 15:48:04 CET.
Flavor | Version | Tinstall | Tcheck | Ttotal | Status | Flags |
---|---|---|---|---|---|---|
r-devel-linux-x86_64-debian-clang | 0.2.6 | OK | ||||
r-devel-linux-x86_64-debian-gcc | 0.2.6 | 6.75 | 86.75 | 93.50 | OK | |
r-devel-linux-x86_64-fedora-clang | 0.2.6 | 154.79 | OK | |||
r-devel-linux-x86_64-fedora-gcc | 0.2.6 | 144.75 | OK | |||
r-devel-windows-ix86+x86_64 | 0.2.6 | 14.00 | 101.00 | 115.00 | OK | |
r-patched-linux-x86_64 | 0.2.6 | 8.94 | 107.08 | 116.02 | OK | |
r-patched-solaris-x86 | 0.2.6 | 210.90 | OK | |||
r-release-linux-x86_64 | 0.2.6 | 8.25 | 106.61 | 114.86 | OK | |
r-release-macos-x86_64 | 0.2.6 | OK | ||||
r-release-windows-ix86+x86_64 | 0.2.6 | 15.00 | 100.00 | 115.00 | OK | |
r-oldrel-macos-x86_64 | 0.2.6 | OK | ||||
r-oldrel-windows-ix86+x86_64 | 0.2.6 | 11.00 | 106.00 | 117.00 | WARN |
Version: 0.2.6
Check: re-building of vignette outputs
Result: WARN
Error(s) in re-building vignettes:
--- re-building 'isocat.Rmd' using rmarkdown
Quitting from lines 16-33 (isocat.Rmd)
Error: processing vignette 'isocat.Rmd' failed with diagnostics:
package 'lattice' 0.20.38 was found, but >= 0.20.41 is required by 'rasterVis'
--- failed re-building 'isocat.Rmd'
SUMMARY: processing the following file failed:
'isocat.Rmd'
Error: Vignette re-building failed.
Execution halted
Flavor: r-oldrel-windows-ix86+x86_64