CRAN Package Check Results for Package isnullptr

Last updated on 2022-08-12 03:53:29 CEST.

Flavor Version Tinstall Tcheck Ttotal Status Flags
r-devel-linux-x86_64-debian-clang 1.0.1 2.47 20.08 22.55 NOTE
r-devel-linux-x86_64-debian-gcc 1.0.1 1.71 15.78 17.49 NOTE
r-devel-linux-x86_64-fedora-clang 1.0.1 37.63 NOTE
r-devel-linux-x86_64-fedora-gcc 1.0.1 37.06 NOTE
r-devel-windows-x86_64 1.0.1 9.00 44.00 53.00 NOTE
r-patched-linux-x86_64 1.0.1 2.07 19.71 21.78 NOTE
r-release-linux-x86_64 1.0.1 2.05 18.95 21.00 NOTE
r-release-macos-arm64 1.0.1 15.00 NOTE
r-release-macos-x86_64 1.0.1 20.00 NOTE
r-release-windows-x86_64 1.0.1 7.00 44.00 51.00 NOTE
r-oldrel-macos-arm64 1.0.1 16.00 NOTE
r-oldrel-macos-x86_64 1.0.1 25.00 NOTE
r-oldrel-windows-ix86+x86_64 1.0.1 6.00 28.00 34.00 NOTE

Check Details

Version: 1.0.1
Check: LazyData
Result: NOTE
     'LazyData' is specified without a 'data' directory
Flavors: r-devel-linux-x86_64-debian-clang, r-devel-linux-x86_64-debian-gcc, r-devel-linux-x86_64-fedora-clang, r-devel-linux-x86_64-fedora-gcc, r-devel-windows-x86_64, r-patched-linux-x86_64, r-release-linux-x86_64, r-release-macos-arm64, r-release-macos-x86_64, r-release-windows-x86_64, r-oldrel-macos-arm64, r-oldrel-macos-x86_64, r-oldrel-windows-ix86+x86_64