CRAN Package Check Results for Package isnullptr

Last updated on 2021-09-21 15:50:58 CEST.

Flavor Version Tinstall Tcheck Ttotal Status Flags
r-devel-linux-x86_64-debian-clang 1.0.1 1.96 19.52 21.48 NOTE
r-devel-linux-x86_64-debian-gcc 1.0.1 1.76 15.61 17.37 NOTE
r-devel-linux-x86_64-fedora-clang 1.0.1 35.67 NOTE
r-devel-linux-x86_64-fedora-gcc 1.0.1 25.20 NOTE
r-devel-windows-x86_64 1.0.1 4.00 25.00 29.00 NOTE
r-devel-windows-x86_64-gcc10-UCRT 1.0.1 ERROR
r-patched-linux-x86_64 1.0.1 2.02 19.02 21.04 NOTE
r-patched-solaris-x86 1.0.1 40.90 NOTE
r-release-linux-x86_64 1.0.1 2.04 19.34 21.38 NOTE
r-release-macos-arm64 1.0.1 NOTE
r-release-macos-x86_64 1.0.1 NOTE
r-release-windows-ix86+x86_64 1.0.1 6.00 28.00 34.00 NOTE
r-oldrel-macos-x86_64 1.0.1 OK
r-oldrel-windows-ix86+x86_64 1.0.1 6.00 29.00 35.00 OK

Check Details

Version: 1.0.1
Check: LazyData
Result: NOTE
     'LazyData' is specified without a 'data' directory
Flavors: r-devel-linux-x86_64-debian-clang, r-devel-linux-x86_64-debian-gcc, r-devel-linux-x86_64-fedora-clang, r-devel-linux-x86_64-fedora-gcc, r-devel-windows-x86_64, r-patched-linux-x86_64, r-patched-solaris-x86, r-release-linux-x86_64, r-release-macos-arm64, r-release-macos-x86_64, r-release-windows-ix86+x86_64

Version: 1.0.1
Check: whether package can be installed
Result: ERROR
    Installation failed.
Flavor: r-devel-windows-x86_64-gcc10-UCRT