Last updated on 2021-03-02 15:48:04 CET.
Flavor | Version | Tinstall | Tcheck | Ttotal | Status | Flags |
---|---|---|---|---|---|---|
r-devel-linux-x86_64-debian-clang | 0.5.1 | OK | ||||
r-devel-linux-x86_64-debian-gcc | 0.5.1 | 101.06 | 40.04 | 141.10 | OK | |
r-devel-linux-x86_64-fedora-clang | 0.5.1 | 307.24 | NOTE | |||
r-devel-linux-x86_64-fedora-gcc | 0.5.1 | 274.22 | OK | |||
r-devel-windows-ix86+x86_64 | 0.5.1 | 252.00 | 89.00 | 341.00 | OK | |
r-patched-linux-x86_64 | 0.5.1 | 116.88 | 50.43 | 167.31 | OK | |
r-patched-solaris-x86 | 0.5.1 | 239.00 | OK | |||
r-release-linux-x86_64 | 0.5.1 | 116.78 | 50.48 | 167.26 | OK | |
r-release-macos-x86_64 | 0.5.1 | NOTE | ||||
r-release-windows-ix86+x86_64 | 0.5.1 | 337.00 | 113.00 | 450.00 | OK | |
r-oldrel-macos-x86_64 | 0.5.1 | NOTE | ||||
r-oldrel-windows-ix86+x86_64 | 0.5.1 | 249.00 | 80.00 | 329.00 | OK |
Version: 0.5.1
Check: installed package size
Result: NOTE
installed size is 9.7Mb
sub-directories of 1Mb or more:
libs 9.3Mb
Flavors: r-devel-linux-x86_64-fedora-clang, r-release-macos-x86_64, r-oldrel-macos-x86_64