CRAN Package Check Results for Package ip2location

Last updated on 2021-06-19 23:49:22 CEST.

Flavor Version Tinstall Tcheck Ttotal Status Flags
r-devel-linux-x86_64-debian-clang 8.0.1 7.03 60.52 67.55 OK
r-devel-linux-x86_64-debian-gcc 8.0.1 5.94 47.09 53.03 OK
r-devel-linux-x86_64-fedora-clang 8.0.1 90.20 NOTE
r-devel-linux-x86_64-fedora-gcc 8.0.1 79.41 NOTE
r-devel-windows-x86_64 8.0.1 11.00 85.00 96.00 OK
r-devel-windows-x86_64-gcc10-UCRT 8.0.1 NOTE
r-patched-linux-x86_64 8.0.1 7.41 58.92 66.33 OK
r-patched-solaris-x86 8.0.1 121.10 NOTE
r-release-linux-x86_64 8.0.1 6.17 58.32 64.49 OK
r-release-macos-arm64 8.0.1 NOTE
r-release-macos-x86_64 8.0.1 NOTE
r-release-windows-ix86+x86_64 8.0.1 17.00 78.00 95.00 OK
r-oldrel-macos-x86_64 8.0.1 NOTE
r-oldrel-windows-ix86+x86_64 8.0.1 11.00 86.00 97.00 OK

Check Details

Version: 8.0.1
Check: dependencies in R code
Result: NOTE
    Namespace in Imports field not imported from: ‘stringr’
     All declared Imports should be used.
Flavors: r-devel-linux-x86_64-fedora-clang, r-devel-linux-x86_64-fedora-gcc, r-devel-windows-x86_64-gcc10-UCRT, r-patched-solaris-x86, r-release-macos-arm64, r-release-macos-x86_64, r-oldrel-macos-x86_64