CRAN Package Check Results for Package ip2location

Last updated on 2021-09-22 15:51:25 CEST.

Flavor Version Tinstall Tcheck Ttotal Status Flags
r-devel-linux-x86_64-debian-clang 8.0.1 7.68 60.59 68.27 OK
r-devel-linux-x86_64-debian-gcc 8.0.1 5.61 47.85 53.46 OK
r-devel-linux-x86_64-fedora-clang 8.0.1 91.53 NOTE
r-devel-linux-x86_64-fedora-gcc 8.0.1 79.93 NOTE
r-devel-windows-x86_64 8.0.1 8.00 59.00 67.00 OK
r-devel-windows-x86_64-gcc10-UCRT 8.0.1 ERROR
r-patched-linux-x86_64 8.0.1 7.80 58.77 66.57 OK
r-patched-solaris-x86 8.0.1 122.80 NOTE
r-release-linux-x86_64 8.0.1 7.40 58.58 65.98 OK
r-release-macos-arm64 8.0.1 NOTE
r-release-macos-x86_64 8.0.1 NOTE
r-release-windows-ix86+x86_64 8.0.1 16.00 57.00 73.00 OK
r-oldrel-macos-x86_64 8.0.1 NOTE
r-oldrel-windows-ix86+x86_64 8.0.1 13.00 58.00 71.00 OK

Check Details

Version: 8.0.1
Check: dependencies in R code
Result: NOTE
    Namespace in Imports field not imported from: ‘stringr’
     All declared Imports should be used.
Flavors: r-devel-linux-x86_64-fedora-clang, r-devel-linux-x86_64-fedora-gcc, r-patched-solaris-x86, r-release-macos-arm64, r-release-macos-x86_64, r-oldrel-macos-x86_64

Version: 8.0.1
Check: package dependencies
Result: ERROR
    Package required but not available: 'reticulate'
    
    See section 'The DESCRIPTION file' in the 'Writing R Extensions'
    manual.
Flavor: r-devel-windows-x86_64-gcc10-UCRT