CRAN Package Check Results for Package inverseRegex

Last updated on 2021-12-04 19:52:58 CET.

Flavor Version Tinstall Tcheck Ttotal Status Flags
r-devel-linux-x86_64-debian-clang 0.1.0 2.20 34.82 37.02 NOTE
r-devel-linux-x86_64-debian-gcc 0.1.0 1.60 27.83 29.43 NOTE
r-devel-linux-x86_64-fedora-clang 0.1.0 46.78 NOTE
r-devel-linux-x86_64-fedora-gcc 0.1.0 35.99 NOTE
r-devel-windows-x86_64-new-UL 0.1.0 6.00 69.00 75.00 NOTE
r-devel-windows-x86_64-new-TK 0.1.0 NOTE
r-devel-windows-x86_64-old 0.1.0 4.00 36.00 40.00 NOTE
r-patched-linux-x86_64 0.1.0 2.23 25.71 27.94 NOTE
r-release-linux-x86_64 0.1.0 2.02 25.72 27.74 NOTE
r-release-macos-arm64 0.1.0 NOTE
r-release-macos-x86_64 0.1.0 NOTE
r-release-windows-ix86+x86_64 0.1.0 5.00 47.00 52.00 NOTE
r-oldrel-macos-x86_64 0.1.0 OK
r-oldrel-windows-ix86+x86_64 0.1.0 6.00 42.00 48.00 OK

Check Details

Version: 0.1.0
Check: LazyData
Result: NOTE
     'LazyData' is specified without a 'data' directory
Flavors: r-devel-linux-x86_64-debian-clang, r-devel-linux-x86_64-debian-gcc, r-devel-linux-x86_64-fedora-clang, r-devel-linux-x86_64-fedora-gcc, r-devel-windows-x86_64-new-UL, r-devel-windows-x86_64-new-TK, r-devel-windows-x86_64-old, r-patched-linux-x86_64, r-release-linux-x86_64, r-release-macos-arm64, r-release-macos-x86_64, r-release-windows-ix86+x86_64