CRAN Package Check Results for Package interactions

Last updated on 2024-06-17 16:58:43 CEST.

Flavor Version Tinstall Tcheck Ttotal Status Flags
r-devel-linux-x86_64-debian-clang 1.1.5 8.60 311.22 319.82 NOTE
r-devel-linux-x86_64-debian-gcc 1.1.5 8.10 222.50 230.60 NOTE
r-devel-linux-x86_64-fedora-clang 1.1.5 431.89 NOTE
r-devel-linux-x86_64-fedora-gcc 1.1.5 405.19 NOTE
r-devel-windows-x86_64 1.1.5 9.00 202.00 211.00 OK
r-patched-linux-x86_64 1.1.5 12.75 202.50 215.25 NOTE
r-release-linux-x86_64 1.1.5 11.40 291.50 302.90 NOTE
r-release-macos-arm64 1.1.5 116.00 OK
r-release-macos-x86_64 1.1.5 260.00 OK
r-release-windows-x86_64 1.1.5 11.00 203.00 214.00 OK
r-oldrel-macos-arm64 1.1.5 111.00 OK
r-oldrel-macos-x86_64 1.1.5 192.00 OK
r-oldrel-windows-x86_64 1.1.5 13.00 275.00 288.00 OK

Check Details

Version: 1.1.5
Check: Rd cross-references
Result: NOTE Unknown package ‘pequod’ in Rd xrefs Flavors: r-devel-linux-x86_64-debian-clang, r-devel-linux-x86_64-debian-gcc, r-devel-linux-x86_64-fedora-gcc, r-release-linux-x86_64

Version: 1.1.5
Check: Rd cross-references
Result: NOTE Undeclared packages ‘quantreg’, ‘effects’, ‘Hmisc’, ‘rockchalk’, ‘pequod’ in Rd xrefs Unknown package ‘pequod’ in Rd xrefs Flavor: r-devel-linux-x86_64-fedora-clang

Version: 1.1.5
Check: package dependencies
Result: NOTE Package suggested but not available for checking: ‘margins’ Flavor: r-patched-linux-x86_64

Version: 1.1.5
Check: Rd cross-references
Result: NOTE Unknown packages ‘margins’, ‘pequod’ in Rd xrefs Flavor: r-patched-linux-x86_64