Last updated on 2022-05-23 15:53:37 CEST.
Flavor | Version | Tinstall | Tcheck | Ttotal | Status | Flags |
---|---|---|---|---|---|---|
r-devel-linux-x86_64-debian-clang | 0.1.6 | 34.25 | 339.45 | 373.70 | NOTE | |
r-devel-linux-x86_64-debian-gcc | 0.1.6 | 24.14 | 247.13 | 271.27 | NOTE | |
r-devel-linux-x86_64-fedora-clang | 0.1.6 | 422.02 | NOTE | |||
r-devel-linux-x86_64-fedora-gcc | 0.1.6 | 416.02 | NOTE | |||
r-devel-windows-x86_64 | 0.1.6 | 59.00 | 326.00 | 385.00 | NOTE | |
r-patched-linux-x86_64 | 0.1.6 | 27.41 | 314.92 | 342.33 | NOTE | |
r-release-linux-x86_64 | 0.1.6 | NOTE | ||||
r-release-macos-arm64 | 0.1.6 | 93.00 | NOTE | |||
r-release-macos-x86_64 | 0.1.6 | 166.00 | NOTE | |||
r-release-windows-x86_64 | 0.1.6 | 61.00 | 329.00 | 390.00 | NOTE | |
r-oldrel-macos-arm64 | 0.1.6 | 78.00 | NOTE | |||
r-oldrel-macos-x86_64 | 0.1.6 | 81.00 | NOTE | |||
r-oldrel-windows-ix86+x86_64 | 0.1.6 | 66.00 | 315.00 | 381.00 | NOTE |
Version: 0.1.6
Check: LazyData
Result: NOTE
'LazyData' is specified without a 'data' directory
Flavors: r-devel-linux-x86_64-debian-clang, r-devel-linux-x86_64-debian-gcc, r-devel-linux-x86_64-fedora-clang, r-devel-linux-x86_64-fedora-gcc, r-devel-windows-x86_64, r-patched-linux-x86_64, r-release-linux-x86_64, r-release-macos-arm64, r-release-macos-x86_64, r-release-windows-x86_64, r-oldrel-macos-arm64, r-oldrel-macos-x86_64, r-oldrel-windows-ix86+x86_64
Version: 0.1.6
Check: dependencies in R code
Result: NOTE
Namespace in Imports field not imported from: ‘grDevices’
All declared Imports should be used.
Flavors: r-devel-linux-x86_64-fedora-clang, r-devel-linux-x86_64-fedora-gcc, r-release-macos-arm64, r-release-macos-x86_64, r-oldrel-macos-arm64, r-oldrel-macos-x86_64