CRAN Package Check Results for Package intdag

Last updated on 2021-09-21 15:50:58 CEST.

Flavor Version Tinstall Tcheck Ttotal Status Flags
r-devel-linux-x86_64-debian-clang 1.0.1 4.65 21.18 25.83 NOTE
r-devel-linux-x86_64-debian-gcc 1.0.1 3.51 17.03 20.54 NOTE
r-devel-linux-x86_64-fedora-clang 1.0.1 41.82 NOTE
r-devel-linux-x86_64-fedora-gcc 1.0.1 30.34 NOTE
r-devel-windows-x86_64 1.0.1 6.00 32.00 38.00 NOTE
r-devel-windows-x86_64-gcc10-UCRT 1.0.1 ERROR
r-patched-linux-x86_64 1.0.1 4.10 21.06 25.16 NOTE
r-patched-solaris-x86 1.0.1 50.10 NOTE
r-release-linux-x86_64 1.0.1 3.82 20.92 24.74 NOTE
r-release-macos-arm64 1.0.1 NOTE
r-release-macos-x86_64 1.0.1 NOTE
r-release-windows-ix86+x86_64 1.0.1 13.00 38.00 51.00 NOTE
r-oldrel-macos-x86_64 1.0.1 OK
r-oldrel-windows-ix86+x86_64 1.0.1 10.00 34.00 44.00 OK

Check Details

Version: 1.0.1
Check: LazyData
Result: NOTE
     'LazyData' is specified without a 'data' directory
Flavors: r-devel-linux-x86_64-debian-clang, r-devel-linux-x86_64-debian-gcc, r-devel-linux-x86_64-fedora-clang, r-devel-linux-x86_64-fedora-gcc, r-devel-windows-x86_64, r-patched-linux-x86_64, r-patched-solaris-x86, r-release-linux-x86_64, r-release-macos-arm64, r-release-macos-x86_64, r-release-windows-ix86+x86_64

Version: 1.0.1
Check: whether package can be installed
Result: ERROR
    Installation failed.
Flavor: r-devel-windows-x86_64-gcc10-UCRT