Last updated on 2023-03-21 07:54:13 CET.
Flavor | Version | Tinstall | Tcheck | Ttotal | Status | Flags |
---|---|---|---|---|---|---|
r-devel-linux-x86_64-debian-clang | 1.0.5 | NOTE | ||||
r-devel-linux-x86_64-debian-gcc | 1.0.5 | 32.73 | 301.72 | 334.45 | NOTE | |
r-devel-linux-x86_64-fedora-clang | 1.0.5 | 594.50 | OK | |||
r-devel-linux-x86_64-fedora-gcc | 1.0.5 | 540.53 | OK | |||
r-patched-linux-x86_64 | 1.0.5 | 40.33 | 383.94 | 424.27 | NOTE | |
r-release-linux-x86_64 | 1.0.5 | 36.35 | 385.68 | 422.03 | NOTE | |
r-release-macos-arm64 | 1.0.5 | 97.00 | NOTE | |||
r-release-macos-x86_64 | 1.0.5 | 171.00 | NOTE | |||
r-release-windows-x86_64 | 1.0.5 | 43.00 | 386.00 | 429.00 | NOTE | |
r-oldrel-macos-arm64 | 1.0.5 | 107.00 | NOTE | |||
r-oldrel-macos-x86_64 | 1.0.5 | 168.00 | NOTE | |||
r-oldrel-windows-ix86+x86_64 | 1.0.5 | 95.00 | 373.00 | 468.00 | OK |
Version: 1.0.5
Check: package dependencies
Result: NOTE
Package suggested but not available for checking: ‘INLA’
Flavors: r-devel-linux-x86_64-debian-clang, r-devel-linux-x86_64-debian-gcc, r-patched-linux-x86_64, r-release-linux-x86_64, r-release-macos-arm64, r-release-macos-x86_64, r-release-windows-x86_64, r-oldrel-macos-arm64, r-oldrel-macos-x86_64