Last updated on 2021-03-01 19:48:03 CET.
Flavor | Version | Tinstall | Tcheck | Ttotal | Status | Flags |
---|---|---|---|---|---|---|
r-devel-linux-x86_64-debian-clang | 2.1.13 | NOTE | ||||
r-devel-linux-x86_64-debian-gcc | 2.1.13 | 12.91 | 109.06 | 121.97 | NOTE | |
r-devel-linux-x86_64-fedora-clang | 2.1.13 | 194.67 | OK | |||
r-devel-linux-x86_64-fedora-gcc | 2.1.13 | 182.18 | OK | |||
r-devel-windows-ix86+x86_64 | 2.1.13 | 24.00 | 148.00 | 172.00 | OK | |
r-patched-linux-x86_64 | 2.1.13 | 14.00 | 133.66 | 147.66 | NOTE | |
r-patched-solaris-x86 | 2.1.13 | 259.10 | NOTE | |||
r-release-linux-x86_64 | 2.1.13 | 16.18 | 135.00 | 151.18 | NOTE | |
r-release-macos-x86_64 | 2.1.13 | NOTE | ||||
r-release-windows-ix86+x86_64 | 2.1.13 | 35.00 | 181.00 | 216.00 | OK | |
r-oldrel-macos-x86_64 | 2.1.13 | NOTE | ||||
r-oldrel-windows-ix86+x86_64 | 2.1.13 | 21.00 | 126.00 | 147.00 | OK |
Version: 2.1.13
Check: package dependencies
Result: NOTE
Package suggested but not available for checking: 'INLA'
Flavors: r-devel-linux-x86_64-debian-clang, r-devel-linux-x86_64-debian-gcc, r-patched-linux-x86_64, r-patched-solaris-x86, r-release-linux-x86_64, r-release-macos-x86_64, r-oldrel-macos-x86_64
Version: 2.1.13
Check: Rd cross-references
Result: NOTE
Package unavailable to check Rd xrefs: 'INLA'
Flavors: r-devel-linux-x86_64-debian-clang, r-devel-linux-x86_64-debian-gcc, r-patched-linux-x86_64, r-patched-solaris-x86, r-release-linux-x86_64, r-release-macos-x86_64, r-oldrel-macos-x86_64
Version: 2.1.13
Check: dependencies in R code
Result: NOTE
No protocol specified
Flavor: r-oldrel-macos-x86_64