CRAN Package Check Results for Package imputeTS

Last updated on 2021-11-27 07:49:52 CET.

Flavor Version Tinstall Tcheck Ttotal Status Flags
r-devel-linux-x86_64-debian-clang 3.2 OK
r-devel-linux-x86_64-debian-gcc 3.2 24.80 126.96 151.76 OK
r-devel-linux-x86_64-fedora-clang 3.2 277.19 OK
r-devel-linux-x86_64-fedora-gcc 3.2 259.35 OK
r-devel-windows-x86_64-new-UL 3.2 58.00 290.00 348.00 OK
r-devel-windows-x86_64-new-TK 3.2 OK
r-devel-windows-x86_64-old 3.2 44.00 238.00 282.00 OK
r-patched-linux-x86_64 3.2 30.84 171.97 202.81 OK
r-patched-solaris-x86 3.2 356.10 OK
r-release-linux-x86_64 3.2 OK
r-release-macos-arm64 3.2 OK
r-release-macos-x86_64 3.2 OK
r-release-windows-ix86+x86_64 3.2 90.00 284.00 374.00 NOTE
r-oldrel-macos-x86_64 3.2 OK
r-oldrel-windows-ix86+x86_64 3.2 86.00 368.00 454.00 NOTE

Check Details

Version: 3.2
Check: installed package size
Result: NOTE
     installed size is 5.1Mb
     sub-directories of 1Mb or more:
     data 1.3Mb
     doc 1.1Mb
     libs 2.1Mb
Flavors: r-release-windows-ix86+x86_64, r-oldrel-windows-ix86+x86_64