Last updated on 2021-03-04 15:49:20 CET.
Flavor | Version | Tinstall | Tcheck | Ttotal | Status | Flags |
---|---|---|---|---|---|---|
r-devel-linux-x86_64-debian-clang | 0.6.4 | 32.33 | 33.55 | 65.88 | NOTE | |
r-devel-linux-x86_64-debian-gcc | 0.6.4 | 16.68 | 25.99 | 42.67 | NOTE | |
r-devel-linux-x86_64-fedora-clang | 0.6.4 | 93.94 | NOTE | |||
r-devel-linux-x86_64-fedora-gcc | 0.6.4 | 76.40 | NOTE | |||
r-devel-windows-ix86+x86_64 | 0.6.4 | 70.00 | 91.00 | 161.00 | NOTE | |
r-patched-linux-x86_64 | 0.6.4 | 24.40 | 31.72 | 56.12 | NOTE | |
r-patched-solaris-x86 | 0.6.4 | 88.80 | NOTE | |||
r-release-linux-x86_64 | 0.6.4 | 23.93 | 31.95 | 55.88 | NOTE | |
r-release-macos-x86_64 | 0.6.4 | NOTE | ||||
r-release-windows-ix86+x86_64 | 0.6.4 | 56.00 | 61.00 | 117.00 | NOTE | |
r-oldrel-macos-x86_64 | 0.6.4 | NOTE | ||||
r-oldrel-windows-ix86+x86_64 | 0.6.4 | 62.00 | 67.00 | 129.00 | NOTE |
Version: 0.6.4
Check: dependencies in R code
Result: NOTE
There are ::: calls to the package's namespace in its code. A package
almost never needs to use ::: for its own objects:
'count_compare'
Flavors: r-devel-linux-x86_64-debian-clang, r-devel-linux-x86_64-debian-gcc, r-devel-windows-ix86+x86_64, r-patched-linux-x86_64, r-release-linux-x86_64, r-release-windows-ix86+x86_64, r-oldrel-windows-ix86+x86_64
Version: 0.6.4
Check: dependencies in R code
Result: NOTE
Namespace in Imports field not imported from: ‘DBI’
All declared Imports should be used.
There are ::: calls to the package's namespace in its code. A package
almost never needs to use ::: for its own objects:
‘count_compare’
Flavors: r-devel-linux-x86_64-fedora-clang, r-devel-linux-x86_64-fedora-gcc, r-patched-solaris-x86, r-release-macos-x86_64, r-oldrel-macos-x86_64
Version: 0.6.4
Check: compiled code
Result: NOTE
File ‘imputeMulti/libs/imputeMulti.so’:
Found no calls to: ‘R_registerRoutines’, ‘R_useDynamicSymbols’
It is good practice to register native routines and to disable symbol
search.
See ‘Writing portable packages’ in the ‘Writing R Extensions’ manual.
Flavors: r-devel-linux-x86_64-fedora-clang, r-devel-linux-x86_64-fedora-gcc