CRAN Package Check Results for Package imputeLCMD

Last updated on 2021-04-14 19:47:08 CEST.

Flavor Version Tinstall Tcheck Ttotal Status Flags
r-devel-linux-x86_64-debian-clang 2.0 10.11 89.38 99.49 NOTE
r-devel-linux-x86_64-debian-gcc 2.0 8.63 70.20 78.83 NOTE
r-devel-linux-x86_64-fedora-clang 2.0 128.75 NOTE
r-devel-linux-x86_64-fedora-gcc 2.0 119.91 NOTE
r-devel-windows-ix86+x86_64 2.0 22.00 123.00 145.00 NOTE
r-devel-windows-x86_64-gcc10-UCRT 2.0 NOTE
r-patched-linux-x86_64 2.0 10.91 84.53 95.44 NOTE
r-patched-solaris-x86 2.0 180.10 NOTE
r-release-linux-x86_64 2.0 11.39 84.06 95.45 NOTE
r-release-macos-x86_64 2.0 NOTE
r-release-windows-ix86+x86_64 2.0 21.00 119.00 140.00 NOTE
r-oldrel-macos-x86_64 2.0 NOTE
r-oldrel-windows-ix86+x86_64 2.0 21.00 79.00 100.00 NOTE

Check Details

Version: 2.0
Check: R code for possible problems
Result: NOTE
    generate.ExpressionData: no visible global function definition for
     'rnorm'
    impute.MinDet: no visible binding for global variable 'quantile'
    impute.MinProb: no visible binding for global variable 'quantile'
    impute.MinProb: no visible binding for global variable 'sd'
    impute.MinProb: no visible global function definition for 'median'
    impute.MinProb: no visible global function definition for 'rnorm'
    impute.QRILC: no visible global function definition for 'qnorm'
    impute.QRILC: no visible global function definition for 'quantile'
    impute.QRILC: no visible global function definition for 'lm'
    insertMVs: no visible global function definition for 'rnorm'
    model.Selector: no visible global function definition for 'qnorm'
    model.Selector: no visible global function definition for 'quantile'
    model.Selector: no visible global function definition for 'lm'
    model.Selector: no visible global function definition for 'ecdf'
    model.Selector: no visible global function definition for 'pnorm'
    pep2prot: no visible binding for global variable 'median'
    Undefined global functions or variables:
     ecdf lm median pnorm qnorm quantile rnorm sd
    Consider adding
     importFrom("stats", "ecdf", "lm", "median", "pnorm", "qnorm",
     "quantile", "rnorm", "sd")
    to your NAMESPACE file.
Flavors: r-devel-linux-x86_64-debian-clang, r-devel-linux-x86_64-debian-gcc, r-devel-linux-x86_64-fedora-clang, r-devel-linux-x86_64-fedora-gcc, r-devel-windows-ix86+x86_64, r-devel-windows-x86_64-gcc10-UCRT, r-patched-linux-x86_64, r-patched-solaris-x86, r-release-linux-x86_64, r-release-macos-x86_64, r-release-windows-ix86+x86_64, r-oldrel-macos-x86_64, r-oldrel-windows-ix86+x86_64