CRAN Package Check Results for Package importinegi

Last updated on 2021-02-25 07:49:47 CET.

Flavor Version Tinstall Tcheck Ttotal Status Flags
r-devel-linux-x86_64-debian-clang 1.1.3 3.38 29.28 32.66 OK
r-devel-linux-x86_64-debian-gcc 1.1.3 2.84 23.05 25.89 OK
r-devel-linux-x86_64-fedora-clang 1.1.3 50.12 NOTE
r-devel-linux-x86_64-fedora-gcc 1.1.3 39.38 NOTE
r-devel-windows-ix86+x86_64 1.1.3 6.00 35.00 41.00 OK
r-patched-linux-x86_64 1.1.3 2.97 28.07 31.04 OK
r-patched-solaris-x86 1.1.3 56.30 NOTE
r-release-linux-x86_64 1.1.3 3.49 28.42 31.91 OK
r-release-macos-x86_64 1.1.3 NOTE
r-release-windows-ix86+x86_64 1.1.3 8.00 44.00 52.00 OK
r-oldrel-macos-x86_64 1.1.3 NOTE
r-oldrel-windows-ix86+x86_64 1.1.3 5.00 42.00 47.00 OK

Check Details

Version: 1.1.3
Check: dependencies in R code
Result: NOTE
    Namespaces in Imports field not imported from:
     ‘data.table’ ‘dplyr’ ‘haven’
     All declared Imports should be used.
Flavors: r-devel-linux-x86_64-fedora-clang, r-devel-linux-x86_64-fedora-gcc, r-patched-solaris-x86, r-release-macos-x86_64, r-oldrel-macos-x86_64