CRAN Package Check Results for Package imgrec

Last updated on 2021-02-25 11:47:27 CET.

Flavor Version Tinstall Tcheck Ttotal Status Flags
r-devel-linux-x86_64-debian-clang 0.1.0 4.19 43.78 47.97 OK
r-devel-linux-x86_64-debian-gcc 0.1.0 3.53 33.95 37.48 OK
r-devel-linux-x86_64-fedora-clang 0.1.0 72.74 NOTE
r-devel-linux-x86_64-fedora-gcc 0.1.0 58.81 NOTE
r-devel-windows-ix86+x86_64 0.1.0 8.00 44.00 52.00 OK
r-patched-linux-x86_64 0.1.0 3.78 41.30 45.08 OK
r-patched-solaris-x86 0.1.0 83.60 NOTE
r-release-linux-x86_64 0.1.0 3.90 40.97 44.87 OK
r-release-macos-x86_64 0.1.0 NOTE
r-release-windows-ix86+x86_64 0.1.0 11.00 60.00 71.00 OK
r-oldrel-macos-x86_64 0.1.0 NOTE
r-oldrel-windows-ix86+x86_64 0.1.0 6.00 44.00 50.00 OK

Check Details

Version: 0.1.0
Check: dependencies in R code
Result: NOTE
    Namespace in Imports field not imported from: ‘knitr’
     All declared Imports should be used.
Flavors: r-devel-linux-x86_64-fedora-clang, r-devel-linux-x86_64-fedora-gcc, r-patched-solaris-x86, r-release-macos-x86_64, r-oldrel-macos-x86_64