CRAN Package Check Results for Package imageData

Last updated on 2021-09-21 07:50:13 CEST.

Flavor Version Tinstall Tcheck Ttotal Status Flags
r-devel-linux-x86_64-debian-clang 0.1-61 17.79 136.14 153.93 OK
r-devel-linux-x86_64-debian-gcc 0.1-61 11.29 100.69 111.98 OK
r-devel-linux-x86_64-fedora-clang 0.1-61 184.31 OK
r-devel-linux-x86_64-fedora-gcc 0.1-61 174.52 OK
r-devel-windows-x86_64 0.1-61 17.00 120.00 137.00 OK
r-devel-windows-x86_64-gcc10-UCRT 0.1-61 ERROR
r-patched-linux-x86_64 0.1-61 20.37 127.16 147.53 OK
r-patched-solaris-x86 0.1-61 246.10 OK
r-release-linux-x86_64 0.1-61 15.06 127.10 142.16 OK
r-release-macos-arm64 0.1-61 OK
r-release-macos-x86_64 0.1-61 OK
r-release-windows-ix86+x86_64 0.1-61 35.00 117.00 152.00 OK
r-oldrel-macos-x86_64 0.1-61 OK
r-oldrel-windows-ix86+x86_64 0.1-61 36.00 122.00 158.00 OK

Check Details

Version: 0.1-61
Check: whether package can be installed
Result: WARN
    Found the following significant warnings:
     WARNING: installation-time patches will not be applied, could not get the patches index
Flavor: r-devel-windows-x86_64-gcc10-UCRT

Version: 0.1-61
Check: PDF version of manual
Result: WARN
    LaTeX errors when creating PDF version.
    This typically indicates Rd problems.
Flavor: r-devel-windows-x86_64-gcc10-UCRT

Version: 0.1-61
Check: PDF version of manual without hyperrefs or index
Result: ERROR
    Re-running with no redirection of stdout/stderr.
Flavor: r-devel-windows-x86_64-gcc10-UCRT