CRAN Package Check Results for Package image.libfacedetection

Last updated on 2021-06-19 23:49:22 CEST.

Flavor Version Tinstall Tcheck Ttotal Status Flags
r-devel-linux-x86_64-debian-clang 0.1 59.24 39.95 99.19 OK
r-devel-linux-x86_64-debian-gcc 0.1 30.21 31.66 61.87 OK
r-devel-linux-x86_64-fedora-clang 0.1 139.27 OK
r-devel-linux-x86_64-fedora-gcc 0.1 107.01 OK
r-devel-windows-x86_64 0.1 66.00 59.00 125.00 OK
r-devel-windows-x86_64-gcc10-UCRT 0.1 OK
r-patched-linux-x86_64 0.1 34.55 39.15 73.70 OK
r-patched-solaris-x86 0.1 135.50 OK
r-release-linux-x86_64 0.1 38.60 39.68 78.28 OK
r-release-macos-arm64 0.1 ERROR
r-release-macos-x86_64 0.1 OK
r-release-windows-ix86+x86_64 0.1 129.00 89.00 218.00 NOTE
r-oldrel-macos-x86_64 0.1 OK
r-oldrel-windows-ix86+x86_64 0.1 86.00 96.00 182.00 NOTE

Check Details

Version: 0.1
Check: examples
Result: ERROR
    Running examples in ‘image.libfacedetection-Ex.R’ failed
    The error most likely occurred in:
    
    > ### Name: image_detect_faces
    > ### Title: Detect faces in images using the libfacedetection CNN
    > ### Aliases: image_detect_faces
    >
    > ### ** Examples
    >
    > library(magick)
    Linking to ImageMagick 6.9.12.3
    Enabled features: cairo, fontconfig, freetype, heic, lcms, pango, raw, rsvg, webp
    Disabled features: fftw, ghostscript, x11
    > path <- system.file(package="image.libfacedetection", "images", "handshake.jpg")
    > x <- image_read(path)
    > x
     format width height colorspace matte filesize density
    1 JPEG 1024 683 sRGB FALSE 168117 72x72
    > faces <- image_detect_faces(x)
    > faces
    $nr
    [1] 3
    
    $detections
     x y width height confidence landmark1_x landmark1_y landmark2_x
    1 741 171 64 85 99 753 206 782
    2 270 124 60 81 99 292 151 319
    3 429 146 56 78 99 446 178 472
     landmark2_y landmark3_x landmark3_y landmark4_x landmark4_y landmark5_x
    1 207 764 224 755 235 780
    2 155 307 169 290 181 313
    3 177 461 194 448 204 472
     landmark5_y
    1 235
    2 184
    3 203
    
    attr(,"class")
    [1] "libfacedetection"
    > plot(faces, x, border = "red", lwd = 7, col = "white", landmarks = TRUE)
    Fontconfig error: Cannot load default config file
    Error in graphics::mtext(sprintf("help(\"%s\")", nameEx()), side = 4, :
     R: UnableToReadFont `helvetica' @ error/annotate.c/RenderFreetype/1396
Flavor: r-release-macos-arm64

Version: 0.1
Check: installed package size
Result: NOTE
     installed size is 7.0Mb
     sub-directories of 1Mb or more:
     libs 6.8Mb
Flavors: r-release-windows-ix86+x86_64, r-oldrel-windows-ix86+x86_64