CRAN Package Check Results for Package iilasso

Last updated on 2022-05-25 11:51:07 CEST.

Flavor Version Tinstall Tcheck Ttotal Status Flags
r-devel-linux-x86_64-debian-clang 0.0.2 30.04 89.38 119.42 WARN
r-devel-linux-x86_64-debian-gcc 0.0.2 24.82 69.65 94.47 OK
r-devel-linux-x86_64-fedora-clang 0.0.2 154.12 WARN
r-devel-linux-x86_64-fedora-gcc 0.0.2 146.72 OK
r-devel-windows-x86_64 0.0.2 36.00 128.00 164.00 OK
r-patched-linux-x86_64 0.0.2 30.29 88.51 118.80 OK
r-release-linux-x86_64 0.0.2 OK
r-release-macos-arm64 0.0.2 40.00 OK
r-release-macos-x86_64 0.0.2 56.00 OK
r-release-windows-x86_64 0.0.2 38.00 129.00 167.00 OK
r-oldrel-macos-arm64 0.0.2 47.00 OK
r-oldrel-macos-x86_64 0.0.2 79.00 OK
r-oldrel-windows-ix86+x86_64 0.0.2 73.00 138.00 211.00 OK

Additional issues

clang14

Check Details

Version: 0.0.2
Check: whether package can be installed
Result: WARN
    Found the following significant warnings:
     cda3.cpp:26:13: warning: use of bitwise '&' with boolean operands [-Wbitwise-instead-of-logical]
Flavors: r-devel-linux-x86_64-debian-clang, r-devel-linux-x86_64-fedora-clang