Last updated on 2021-02-28 19:48:02 CET.
Flavor | Version | Tinstall | Tcheck | Ttotal | Status | Flags |
---|---|---|---|---|---|---|
r-devel-linux-x86_64-debian-clang | 0.3.2 | OK | ||||
r-devel-linux-x86_64-debian-gcc | 0.3.2 | 6.31 | 58.38 | 64.69 | OK | |
r-devel-linux-x86_64-fedora-clang | 0.3.2 | 106.69 | OK | |||
r-devel-linux-x86_64-fedora-gcc | 0.3.2 | 97.12 | OK | |||
r-devel-windows-ix86+x86_64 | 0.3.2 | 13.00 | 76.00 | 89.00 | OK | |
r-patched-linux-x86_64 | 0.3.2 | 6.82 | 71.84 | 78.66 | OK | |
r-patched-solaris-x86 | 0.3.2 | 135.50 | WARN | |||
r-release-linux-x86_64 | 0.3.2 | 6.94 | 72.82 | 79.76 | OK | |
r-release-macos-x86_64 | 0.3.2 | WARN | ||||
r-release-windows-ix86+x86_64 | 0.3.2 | 22.00 | 111.00 | 133.00 | OK | |
r-oldrel-macos-x86_64 | 0.3.2 | WARN | ||||
r-oldrel-windows-ix86+x86_64 | 0.3.2 | 10.00 | 98.00 | 108.00 | OK |
Version: 0.3.2
Check: re-building of vignette outputs
Result: WARN
Error(s) in re-building vignettes:
...
--- re-building ‘model_details.Rmd’ using rmarkdown
Warning in engine$weave(file, quiet = quiet, encoding = enc) :
Pandoc (>= 1.12.3) and/or pandoc-citeproc not available. Falling back to R Markdown v1.
Quitting from lines 25-32 (model_details.Rmd)
Error: processing vignette 'model_details.Rmd' failed with diagnostics:
there is no package called 'webshot'
--- failed re-building ‘model_details.Rmd’
--- re-building ‘parameter_details.Rmd’ using rmarkdown
Warning in engine$weave(file, quiet = quiet, encoding = enc) :
Pandoc (>= 1.12.3) and/or pandoc-citeproc not available. Falling back to R Markdown v1.
Quitting from lines 24-31 (parameter_details.Rmd)
Error: processing vignette 'parameter_details.Rmd' failed with diagnostics:
there is no package called 'webshot'
--- failed re-building ‘parameter_details.Rmd’
--- re-building ‘resources.Rmd’ using rmarkdown
Warning in engine$weave(file, quiet = quiet, encoding = enc) :
Pandoc (>= 1.12.3) and/or pandoc-citeproc not available. Falling back to R Markdown v1.
--- finished re-building ‘resources.Rmd’
SUMMARY: processing the following files failed:
‘model_details.Rmd’ ‘parameter_details.Rmd’
Error: Vignette re-building failed.
Execution halted
Flavor: r-patched-solaris-x86
Version: 0.3.2
Check: re-building of vignette outputs
Result: WARN
Error(s) in re-building vignettes:
--- re-building ‘model_details.Rmd’ using rmarkdown
Warning in engine$weave(file, quiet = quiet, encoding = enc) :
Pandoc (>= 1.12.3) and/or pandoc-citeproc not available. Falling back to R Markdown v1.
Quitting from lines 25-32 (model_details.Rmd)
Error: processing vignette 'model_details.Rmd' failed with diagnostics:
cannot open the connection
--- failed re-building ‘model_details.Rmd’
--- re-building ‘parameter_details.Rmd’ using rmarkdown
Warning in engine$weave(file, quiet = quiet, encoding = enc) :
Pandoc (>= 1.12.3) and/or pandoc-citeproc not available. Falling back to R Markdown v1.
Quitting from lines 24-31 (parameter_details.Rmd)
Error: processing vignette 'parameter_details.Rmd' failed with diagnostics:
cannot open the connection
--- failed re-building ‘parameter_details.Rmd’
--- re-building ‘resources.Rmd’ using rmarkdown
Warning in engine$weave(file, quiet = quiet, encoding = enc) :
Pandoc (>= 1.12.3) and/or pandoc-citeproc not available. Falling back to R Markdown v1.
--- finished re-building ‘resources.Rmd’
SUMMARY: processing the following files failed:
‘model_details.Rmd’ ‘parameter_details.Rmd’
Error: Vignette re-building failed.
Execution halted
Flavors: r-release-macos-x86_64, r-oldrel-macos-x86_64