CRAN Package Check Results for Package idm

Last updated on 2021-06-20 15:48:12 CEST.

Flavor Version Tinstall Tcheck Ttotal Status Flags
r-devel-linux-x86_64-debian-clang 1.8.2 7.26 72.29 79.55 OK
r-devel-linux-x86_64-debian-gcc 1.8.2 5.11 54.18 59.29 OK
r-devel-linux-x86_64-fedora-clang 1.8.2 105.05 OK
r-devel-linux-x86_64-fedora-gcc 1.8.2 91.27 OK
r-devel-windows-x86_64 1.8.2 13.00 94.00 107.00 OK
r-devel-windows-x86_64-gcc10-UCRT 1.8.2 ERROR
r-patched-linux-x86_64 1.8.2 5.68 68.41 74.09 OK
r-patched-solaris-x86 1.8.2 126.80 OK
r-release-linux-x86_64 1.8.2 5.93 68.60 74.53 OK
r-release-macos-arm64 1.8.2 OK
r-release-macos-x86_64 1.8.2 OK
r-release-windows-ix86+x86_64 1.8.2 18.00 90.00 108.00 OK
r-oldrel-macos-x86_64 1.8.2 OK
r-oldrel-windows-ix86+x86_64 1.8.2 13.00 92.00 105.00 OK

Check Details

Version: 1.8.2
Check: package dependencies
Result: ERROR
    Package required but not available: 'animation'
    
    See section 'The DESCRIPTION file' in the 'Writing R Extensions'
    manual.
Flavor: r-devel-windows-x86_64-gcc10-UCRT