CRAN Package Check Results for Package icpsrdata

Last updated on 2021-06-20 19:50:29 CEST.

Flavor Version Tinstall Tcheck Ttotal Status Flags
r-devel-linux-x86_64-debian-clang 0.5.0 2.57 27.72 30.29 NOTE
r-devel-linux-x86_64-debian-gcc 0.5.0 1.89 22.39 24.28 NOTE
r-devel-linux-x86_64-fedora-clang 0.5.0 46.88 NOTE
r-devel-linux-x86_64-fedora-gcc 0.5.0 35.65 NOTE
r-devel-windows-x86_64 0.5.0 5.00 44.00 49.00 NOTE
r-devel-windows-x86_64-gcc10-UCRT 0.5.0 ERROR
r-patched-linux-x86_64 0.5.0 2.34 26.79 29.13 NOTE
r-patched-solaris-x86 0.5.0 55.80 NOTE
r-release-linux-x86_64 0.5.0 2.43 26.97 29.40 NOTE
r-release-macos-arm64 0.5.0 NOTE
r-release-macos-x86_64 0.5.0 NOTE
r-release-windows-ix86+x86_64 0.5.0 5.00 43.00 48.00 NOTE
r-oldrel-macos-x86_64 0.5.0 OK

Check Details

Version: 0.5.0
Check: LazyData
Result: NOTE
     'LazyData' is specified without a 'data' directory
Flavors: r-devel-linux-x86_64-debian-clang, r-devel-linux-x86_64-debian-gcc, r-devel-linux-x86_64-fedora-clang, r-devel-linux-x86_64-fedora-gcc, r-devel-windows-x86_64, r-patched-linux-x86_64, r-patched-solaris-x86, r-release-linux-x86_64, r-release-macos-arm64, r-release-macos-x86_64, r-release-windows-ix86+x86_64

Version: 0.5.0
Check: package dependencies
Result: ERROR
    Packages required but not available: 'rvest', 'httr'
    
    See section 'The DESCRIPTION file' in the 'Writing R Extensions'
    manual.
Flavor: r-devel-windows-x86_64-gcc10-UCRT