CRAN Package Check Results for Package icesTAF

Last updated on 2021-09-22 15:51:24 CEST.

Flavor Version Tinstall Tcheck Ttotal Status Flags
r-devel-linux-x86_64-debian-clang 3.6.0 6.21 46.70 52.91 OK
r-devel-linux-x86_64-debian-gcc 3.6.0 4.59 36.39 40.98 OK
r-devel-linux-x86_64-fedora-clang 3.6.0 71.60 NOTE
r-devel-linux-x86_64-fedora-gcc 3.6.0 61.94 OK
r-devel-windows-x86_64 3.6.0 6.00 56.00 62.00 OK
r-devel-windows-x86_64-gcc10-UCRT 3.6.0 ERROR
r-patched-linux-x86_64 3.6.0 6.03 44.84 50.87 OK
r-patched-solaris-x86 3.6.0 88.20 OK
r-release-linux-x86_64 3.6.0 5.37 45.34 50.71 OK
r-release-macos-arm64 3.6.0 OK
r-release-macos-x86_64 3.6.0 OK
r-release-windows-ix86+x86_64 3.6.0 13.00 53.00 66.00 OK
r-oldrel-macos-x86_64 3.6.0 OK
r-oldrel-windows-ix86+x86_64 3.6.0 9.00 52.00 61.00 OK

Check Details

Version: 3.6.0
Check: Rd cross-references
Result: NOTE
    Undeclared package ‘icesAdvice’ in Rd xrefs
Flavor: r-devel-linux-x86_64-fedora-clang

Version: 3.6.0
Check: package dependencies
Result: ERROR
    Package required but not available: 'roxygen2'
    
    See section 'The DESCRIPTION file' in the 'Writing R Extensions'
    manual.
Flavor: r-devel-windows-x86_64-gcc10-UCRT