CRAN Package Check Results for Package icesTAF

Last updated on 2021-06-17 15:49:09 CEST.

Flavor Version Tinstall Tcheck Ttotal Status Flags
r-devel-linux-x86_64-debian-clang 3.6.0 5.64 50.16 55.80 OK
r-devel-linux-x86_64-debian-gcc 3.6.0 4.83 39.25 44.08 OK
r-devel-linux-x86_64-fedora-clang 3.6.0 75.92 NOTE
r-devel-linux-x86_64-fedora-gcc 3.6.0 65.21 OK
r-devel-windows-x86_64 3.6.0 21.00 79.00 100.00 OK
r-devel-windows-x86_64-gcc10-UCRT 3.6.0 OK
r-patched-linux-x86_64 3.6.0 7.51 48.29 55.80 OK
r-patched-solaris-x86 3.6.0 93.50 OK
r-release-linux-x86_64 3.6.0 6.18 48.11 54.29 OK
r-release-macos-arm64 3.6.0 OK
r-release-macos-x86_64 3.6.0 OK
r-release-windows-ix86+x86_64 3.6.0 14.00 75.00 89.00 OK
r-oldrel-macos-x86_64 3.6.0 OK
r-oldrel-windows-ix86+x86_64 3.6.0 9.00 78.00 87.00 OK

Check Details

Version: 3.6.0
Check: Rd cross-references
Result: NOTE
    Undeclared package ‘icesAdvice’ in Rd xrefs
Flavor: r-devel-linux-x86_64-fedora-clang