Last updated on 2021-02-26 15:50:55 CET.
Flavor | Version | Tinstall | Tcheck | Ttotal | Status | Flags |
---|---|---|---|---|---|---|
r-devel-linux-x86_64-debian-clang | 1.2 | 8.23 | 77.85 | 86.08 | OK | |
r-devel-linux-x86_64-debian-gcc | 1.2 | 7.78 | 59.96 | 67.74 | OK | |
r-devel-linux-x86_64-fedora-clang | 1.2 | 121.70 | OK | |||
r-devel-linux-x86_64-fedora-gcc | 1.2 | 109.21 | OK | |||
r-devel-windows-ix86+x86_64 | 1.2 | 15.00 | 79.00 | 94.00 | OK | |
r-patched-linux-x86_64 | 1.2 | 8.15 | 73.70 | 81.85 | OK | |
r-patched-solaris-x86 | 1.2 | 153.50 | OK | |||
r-release-linux-x86_64 | 1.2 | 8.56 | 73.94 | 82.50 | OK | |
r-release-macos-x86_64 | 1.2 | NOTE | ||||
r-release-windows-ix86+x86_64 | 1.2 | 17.00 | 103.00 | 120.00 | OK | |
r-oldrel-macos-x86_64 | 1.2 | NOTE | ||||
r-oldrel-windows-ix86+x86_64 | 1.2 | 14.00 | 98.00 | 112.00 | OK |
Version: 1.2
Check: package dependencies
Result: NOTE
Package suggested but not available for checking: ‘mixAK’
Flavors: r-release-macos-x86_64, r-oldrel-macos-x86_64