CRAN Package Check Results for Package icecream

Last updated on 2022-05-17 07:53:07 CEST.

Flavor Version Tinstall Tcheck Ttotal Status Flags
r-devel-linux-x86_64-debian-clang 0.2.0 2.39 34.91 37.30 OK
r-devel-linux-x86_64-debian-gcc 0.2.0 1.88 26.81 28.69 OK
r-devel-linux-x86_64-fedora-clang 0.2.0 47.04 NOTE
r-devel-linux-x86_64-fedora-gcc 0.2.0 44.21 OK
r-devel-windows-x86_64 0.2.0 16.00 55.00 71.00 OK
r-patched-linux-x86_64 0.2.0 2.48 33.50 35.98 OK
r-release-linux-x86_64 0.2.0 2.09 33.11 35.20 OK
r-release-macos-arm64 0.2.0 16.00 OK
r-release-macos-x86_64 0.2.0 22.00 OK
r-release-windows-x86_64 0.2.0 12.00 50.00 62.00 OK
r-oldrel-macos-arm64 0.2.0 17.00 OK
r-oldrel-macos-x86_64 0.2.0 22.00 OK
r-oldrel-windows-ix86+x86_64 0.2.0 5.00 48.00 53.00 OK

Check Details

Version: 0.2.0
Check: Rd cross-references
Result: NOTE
    Undeclared package ‘tibble’ in Rd xrefs
Flavor: r-devel-linux-x86_64-fedora-clang