CRAN Package Check Results for Package ica

Last updated on 2021-09-21 07:50:12 CEST.

Flavor Version Tinstall Tcheck Ttotal Status Flags
r-devel-linux-x86_64-debian-clang 1.0-2 3.35 27.52 30.87 OK
r-devel-linux-x86_64-debian-gcc 1.0-2 2.99 21.40 24.39 OK
r-devel-linux-x86_64-fedora-clang 1.0-2 46.09 OK
r-devel-linux-x86_64-fedora-gcc 1.0-2 35.74 OK
r-devel-windows-x86_64 1.0-2 5.00 32.00 37.00 OK
r-devel-windows-x86_64-gcc10-UCRT 1.0-2 ERROR
r-patched-linux-x86_64 1.0-2 3.19 26.41 29.60 OK
r-patched-solaris-x86 1.0-2 50.90 OK
r-release-linux-x86_64 1.0-2 3.52 27.09 30.61 OK
r-release-macos-arm64 1.0-2 OK
r-release-macos-x86_64 1.0-2 OK
r-release-windows-ix86+x86_64 1.0-2 8.00 33.00 41.00 OK
r-oldrel-macos-x86_64 1.0-2 OK
r-oldrel-windows-ix86+x86_64 1.0-2 6.00 32.00 38.00 OK

Check Details

Version: 1.0-2
Check: whether package can be installed
Result: WARN
    Found the following significant warnings:
     WARNING: installation-time patches will not be applied, could not get the patches index
Flavor: r-devel-windows-x86_64-gcc10-UCRT

Version: 1.0-2
Check: PDF version of manual
Result: WARN
    LaTeX errors when creating PDF version.
    This typically indicates Rd problems.
Flavor: r-devel-windows-x86_64-gcc10-UCRT

Version: 1.0-2
Check: PDF version of manual without hyperrefs or index
Result: ERROR
    Re-running with no redirection of stdout/stderr.
Flavor: r-devel-windows-x86_64-gcc10-UCRT