CRAN Package Check Results for Package iTOP

Last updated on 2021-06-15 23:51:19 CEST.

Flavor Version Tinstall Tcheck Ttotal Status Flags
r-devel-linux-x86_64-debian-clang 1.0.2 2.35 112.98 115.33 NOTE
r-devel-linux-x86_64-debian-gcc 1.0.2 1.88 82.34 84.22 NOTE
r-devel-linux-x86_64-fedora-clang 1.0.2 138.12 NOTE
r-devel-linux-x86_64-fedora-gcc 1.0.2 128.49 NOTE
r-devel-windows-x86_64 1.0.2 4.00 141.00 145.00 NOTE
r-devel-windows-x86_64-gcc10-UCRT 1.0.2 WARN
r-patched-linux-x86_64 1.0.2 2.69 106.73 109.42 NOTE
r-patched-solaris-x86 1.0.2 214.20 NOTE
r-release-linux-x86_64 1.0.2 2.47 103.58 106.05 NOTE
r-release-macos-arm64 1.0.2 WARN
r-release-macos-x86_64 1.0.2 NOTE
r-release-windows-ix86+x86_64 1.0.2 5.00 137.00 142.00 NOTE
r-oldrel-macos-x86_64 1.0.2 OK
r-oldrel-windows-ix86+x86_64 1.0.2 5.00 146.00 151.00 OK

Check Details

Version: 1.0.2
Check: LazyData
Result: NOTE
     'LazyData' is specified without a 'data' directory
Flavors: r-devel-linux-x86_64-debian-clang, r-devel-linux-x86_64-debian-gcc, r-devel-linux-x86_64-fedora-clang, r-devel-linux-x86_64-fedora-gcc, r-devel-windows-x86_64, r-devel-windows-x86_64-gcc10-UCRT, r-patched-linux-x86_64, r-patched-solaris-x86, r-release-linux-x86_64, r-release-macos-arm64, r-release-macos-x86_64, r-release-windows-ix86+x86_64

Version: 1.0.2
Check: package dependencies
Result: NOTE
    Package suggested but not available for checking: 'Rgraphviz'
Flavor: r-devel-windows-x86_64-gcc10-UCRT

Version: 1.0.2
Check: re-building of vignette outputs
Result: WARN
    Error(s) in re-building vignettes:
     ...
    --- re-building 'vignette.Rmd' using rmarkdown
    Loading required package: pkgmaker
    Loading required package: registry
    Loading required package: rngtools
    Loading required package: cluster
    NMF - BioConductor layer [OK] | Shared memory capabilities [NO: windows] | Cores 47/48
    Loading required namespace: Rgraphviz
    Failed with error: 'there is no package called 'Rgraphviz''
    Quitting from lines 94-99 (vignette.Rmd)
    Error: processing vignette 'vignette.Rmd' failed with diagnostics:
    Package 'Rgraphviz' (from Bioconductor) must be installed for plotting graphs!
    --- failed re-building 'vignette.Rmd'
    
    SUMMARY: processing the following file failed:
     'vignette.Rmd'
    
    Error: Vignette re-building failed.
    Execution halted
Flavor: r-devel-windows-x86_64-gcc10-UCRT

Version: 1.0.2
Check: package dependencies
Result: NOTE
    Packages suggested but not available for checking: 'pcalg', 'Rgraphviz'
Flavor: r-release-macos-arm64

Version: 1.0.2
Check: re-building of vignette outputs
Result: WARN
    Error(s) in re-building vignettes:
     ...
    --- re-building ‘vignette.Rmd’ using rmarkdown
    Warning in engine$weave(file, quiet = quiet, encoding = enc) :
     Pandoc (>= 1.12.3) not available. Falling back to R Markdown v1.
    Loading required package: pkgmaker
    Loading required package: registry
    Loading required package: rngtools
    Loading required package: cluster
    # NOTE - CRAN check detected: limiting maximum number of cores [2/8]
    NMF - BioConductor layer [OK] | Shared memory capabilities [OK] | Cores 2/2 | CRAN check
    Quitting from lines 94-99 (vignette.Rmd)
    Error: processing vignette 'vignette.Rmd' failed with diagnostics:
    there is no package called 'pcalg'
    --- failed re-building ‘vignette.Rmd’
    
    SUMMARY: processing the following file failed:
     ‘vignette.Rmd’
    
    Error: Vignette re-building failed.
    Execution halted
Flavor: r-release-macos-arm64