CRAN Package Check Results for Package iSDM

Last updated on 2021-05-07 11:49:32 CEST.

Flavor Version Tinstall Tcheck Ttotal Status Flags
r-devel-linux-x86_64-debian-clang 1.0 2.27 27.05 29.32 OK
r-devel-linux-x86_64-debian-gcc 1.0 2.27 21.67 23.94 OK
r-devel-linux-x86_64-fedora-clang 1.0 46.48 NOTE
r-devel-linux-x86_64-fedora-gcc 1.0 36.15 NOTE
r-devel-windows-ix86+x86_64 1.0 6.00 46.00 52.00 OK
r-devel-windows-x86_64-gcc10-UCRT 1.0 NOTE
r-patched-linux-x86_64 1.0 2.73 26.76 29.49 OK
r-patched-solaris-x86 1.0 54.80 NOTE
r-release-linux-x86_64 1.0 2.65 26.37 29.02 OK
r-release-macos-x86_64 1.0 NOTE
r-release-windows-ix86+x86_64 1.0 6.00 34.00 40.00 OK
r-oldrel-macos-x86_64 1.0 NOTE
r-oldrel-windows-ix86+x86_64 1.0 5.00 37.00 42.00 OK

Check Details

Version: 1.0
Check: dependencies in R code
Result: NOTE
    Namespaces in Imports field not imported from:
     ‘colorRamps’ ‘virtualspecies’
     All declared Imports should be used.
Flavors: r-devel-linux-x86_64-fedora-clang, r-devel-linux-x86_64-fedora-gcc, r-devel-windows-x86_64-gcc10-UCRT, r-patched-solaris-x86, r-release-macos-x86_64, r-oldrel-macos-x86_64