CRAN Package Check Results for Package iNEXT.3D

Last updated on 2024-06-13 00:55:18 CEST.

Flavor Version Tinstall Tcheck Ttotal Status Flags
r-devel-linux-x86_64-debian-clang 1.0.5 56.76 495.34 552.10 OK
r-devel-linux-x86_64-debian-gcc 1.0.5 0.56 1.86 2.42 ERROR
r-devel-linux-x86_64-fedora-clang 1.0.5 631.42 OK
r-devel-linux-x86_64-fedora-gcc 1.0.5 595.59 OK
r-devel-windows-x86_64 1.0.5 42.00 345.00 387.00 OK
r-patched-linux-x86_64 1.0.4 46.76 468.93 515.69 OK
r-release-linux-x86_64 1.0.5 32.91 466.19 499.10 OK
r-release-macos-arm64 1.0.5 179.00 OK
r-release-macos-x86_64 1.0.5 501.00 OK
r-release-windows-x86_64 1.0.5 40.00 318.00 358.00 OK
r-oldrel-macos-arm64 1.0.5 190.00 OK
r-oldrel-macos-x86_64 1.0.5 386.00 OK
r-oldrel-windows-x86_64 1.0.5 55.00 477.00 532.00 OK

Check Details

Version: 1.0.5
Check: package dependencies
Result: ERROR Packages required but not available: 'tibble', 'ggplot2', 'reshape2', 'tidytree', 'dplyr' Packages suggested but not available for checking: 'testthat', 'ggthemes' See section ‘The DESCRIPTION file’ in the ‘Writing R Extensions’ manual. Flavor: r-devel-linux-x86_64-debian-gcc