CRAN Package Check Results for Package iCellR

Last updated on 2021-03-06 23:48:31 CET.

Flavor Version Tinstall Tcheck Ttotal Status Flags
r-devel-linux-x86_64-debian-clang 1.6.1 42.05 200.50 242.55 OK
r-devel-linux-x86_64-debian-gcc 1.6.1 31.32 147.38 178.70 OK
r-devel-linux-x86_64-fedora-clang 1.6.1 307.78 NOTE
r-devel-linux-x86_64-fedora-gcc 1.6.1 299.17 OK
r-devel-windows-ix86+x86_64 1.6.0 98.00 343.00 441.00 OK
r-patched-linux-x86_64 1.6.1 36.47 185.57 222.04 OK
r-patched-solaris-x86 1.6.1 329.40 OK
r-release-linux-x86_64 1.6.1 34.97 183.34 218.31 OK
r-release-macos-x86_64 1.6.1 OK
r-release-windows-ix86+x86_64 1.6.0 69.00 251.00 320.00 OK
r-oldrel-macos-x86_64 1.6.1 OK
r-oldrel-windows-ix86+x86_64 1.6.0 62.00 229.00 291.00 OK

Check Details

Version: 1.6.1
Check: package dependencies
Result: NOTE
    Imports includes 26 non-default packages.
    Importing from so many packages makes the package vulnerable to any of
    them becoming unavailable. Move as many as possible to Suggests and
    use conditionally.
Flavor: r-devel-linux-x86_64-fedora-clang