CRAN Package Check Results for Package iC10

Last updated on 2021-09-21 15:50:57 CEST.

Flavor Version Tinstall Tcheck Ttotal Status Flags
r-devel-linux-x86_64-debian-clang 1.5 9.25 89.93 99.18 OK
r-devel-linux-x86_64-debian-gcc 1.5 6.51 67.02 73.53 OK
r-devel-linux-x86_64-fedora-clang 1.5 125.72 OK
r-devel-linux-x86_64-fedora-gcc 1.5 117.61 OK
r-devel-windows-x86_64 1.5 9.00 88.00 97.00 OK
r-devel-windows-x86_64-gcc10-UCRT 1.5 ERROR
r-patched-linux-x86_64 1.5 8.86 84.56 93.42 OK
r-patched-solaris-x86 1.5 190.90 OK
r-release-linux-x86_64 1.5 8.04 85.60 93.64 OK
r-release-macos-arm64 1.5 OK
r-release-macos-x86_64 1.5 OK
r-release-windows-ix86+x86_64 1.5 19.00 86.00 105.00 OK
r-oldrel-macos-x86_64 1.5 OK
r-oldrel-windows-ix86+x86_64 1.5 18.00 90.00 108.00 OK

Check Details

Version: 1.5
Check: whether package can be installed
Result: WARN
    Found the following significant warnings:
     WARNING: installation-time patches will not be applied, could not get the patches index
Flavor: r-devel-windows-x86_64-gcc10-UCRT

Version: 1.5
Check: PDF version of manual
Result: WARN
    LaTeX errors when creating PDF version.
    This typically indicates Rd problems.
Flavor: r-devel-windows-x86_64-gcc10-UCRT

Version: 1.5
Check: PDF version of manual without hyperrefs or index
Result: ERROR
    Re-running with no redirection of stdout/stderr.
Flavor: r-devel-windows-x86_64-gcc10-UCRT