CRAN Package Check Results for Package iBreakDown

Last updated on 2021-06-21 11:52:07 CEST.

Flavor Version Tinstall Tcheck Ttotal Status Flags
r-devel-linux-x86_64-debian-clang 2.0.1 5.14 288.47 293.61 OK
r-devel-linux-x86_64-debian-gcc 2.0.1 4.42 223.34 227.76 OK
r-devel-linux-x86_64-fedora-clang 2.0.1 368.80 OK
r-devel-linux-x86_64-fedora-gcc 2.0.1 340.68 OK
r-devel-windows-x86_64 2.0.1 11.00 306.00 317.00 OK
r-devel-windows-x86_64-gcc10-UCRT 2.0.1 NOTE
r-patched-linux-x86_64 2.0.1 5.22 274.87 280.09 OK
r-patched-solaris-x86 2.0.1 611.30 WARN
r-release-linux-x86_64 2.0.1 5.55 272.79 278.34 OK
r-release-macos-arm64 2.0.1 WARN
r-release-macos-x86_64 2.0.1 WARN
r-release-windows-ix86+x86_64 2.0.1 15.00 381.00 396.00 OK
r-oldrel-macos-x86_64 2.0.1 WARN

Check Details

Version: 2.0.1
Check: package dependencies
Result: NOTE
    Package suggested but not available for checking: 'covr'
Flavor: r-devel-windows-x86_64-gcc10-UCRT

Version: 2.0.1
Check: re-building of vignette outputs
Result: WARN
    Error(s) in re-building vignettes:
     ...
    --- re-building ‘vignette_iBreakDown_description.Rmd’ using rmarkdown
    Warning in engine$weave(file, quiet = quiet, encoding = enc) :
     Pandoc (>= 1.12.3) not available. Falling back to R Markdown v1.
    Welcome to DALEX (version: 2.2.1).
    Find examples and detailed introduction at: http://ema.drwhy.ai/
    Additional features will be available after installation of: ggpubr.
    Use 'install_dependencies()' to get all suggested dependencies
    randomForest 4.6-14
    Type rfNews() to see new features/changes/bug fixes.
    Warning in randomForest.default(m, y, ...) :
     The response has five or fewer unique values. Are you sure you want to do regression?
    --- finished re-building ‘vignette_iBreakDown_description.Rmd’
    
    --- re-building ‘vignette_iBreakDown_titanic.Rmd’ using rmarkdown
    Warning in engine$weave(file, quiet = quiet, encoding = enc) :
     Pandoc (>= 1.12.3) not available. Falling back to R Markdown v1.
    Welcome to DALEX (version: 2.2.1).
    Find examples and detailed introduction at: http://ema.drwhy.ai/
    Additional features will be available after installation of: ggpubr.
    Use 'install_dependencies()' to get all suggested dependencies
    randomForest 4.6-14
    Type rfNews() to see new features/changes/bug fixes.
    Warning in randomForest.default(m, y, ...) :
     The response has five or fewer unique values. Are you sure you want to do regression?
    Quitting from lines 91-92 (vignette_iBreakDown_titanic.Rmd)
    Error: processing vignette 'vignette_iBreakDown_titanic.Rmd' failed with diagnostics:
    there is no package called 'webshot'
    --- failed re-building ‘vignette_iBreakDown_titanic.Rmd’
    
    SUMMARY: processing the following file failed:
     ‘vignette_iBreakDown_titanic.Rmd’
    
    Error: Vignette re-building failed.
    Execution halted
Flavor: r-patched-solaris-x86

Version: 2.0.1
Check: re-building of vignette outputs
Result: WARN
    Error(s) in re-building vignettes:
    --- re-building ‘vignette_iBreakDown_description.Rmd’ using rmarkdown
    Warning in engine$weave(file, quiet = quiet, encoding = enc) :
     Pandoc (>= 1.12.3) not available. Falling back to R Markdown v1.
    Welcome to DALEX (version: 2.2.0).
    Find examples and detailed introduction at: http://ema.drwhy.ai/
    
    randomForest 4.6-14
    Type rfNews() to see new features/changes/bug fixes.
    Warning in randomForest.default(m, y, ...) :
     The response has five or fewer unique values. Are you sure you want to do regression?
    --- finished re-building ‘vignette_iBreakDown_description.Rmd’
    
    --- re-building ‘vignette_iBreakDown_titanic.Rmd’ using rmarkdown
    Warning in engine$weave(file, quiet = quiet, encoding = enc) :
     Pandoc (>= 1.12.3) not available. Falling back to R Markdown v1.
    Welcome to DALEX (version: 2.2.0).
    Find examples and detailed introduction at: http://ema.drwhy.ai/
    
    randomForest 4.6-14
    Type rfNews() to see new features/changes/bug fixes.
    Warning in randomForest.default(m, y, ...) :
     The response has five or fewer unique values. Are you sure you want to do regression?
    PhantomJS not found. You can install it with webshot::install_phantomjs(). If it is installed, please make sure the phantomjs executable can be found via the PATH variable.
    PhantomJS not found. You can install it with webshot::install_phantomjs(). If it is installed, please make sure the phantomjs executable can be found via the PATH variable.
    Quitting from lines 91-92 (vignette_iBreakDown_titanic.Rmd)
    Error: processing vignette 'vignette_iBreakDown_titanic.Rmd' failed with diagnostics:
    invalid 'path' argument
    --- failed re-building ‘vignette_iBreakDown_titanic.Rmd’
    
    SUMMARY: processing the following file failed:
     ‘vignette_iBreakDown_titanic.Rmd’
    
    Error: Vignette re-building failed.
    Execution halted
Flavors: r-release-macos-arm64, r-release-macos-x86_64, r-oldrel-macos-x86_64