CRAN Package Check Results for Package i2dash

Last updated on 2021-06-21 11:52:07 CEST.

Flavor Version Tinstall Tcheck Ttotal Status Flags
r-devel-linux-x86_64-debian-clang 0.2.3 5.13 53.09 58.22 OK
r-devel-linux-x86_64-debian-gcc 0.2.3 3.77 41.18 44.95 OK
r-devel-linux-x86_64-fedora-clang 0.2.3 81.12 OK
r-devel-linux-x86_64-fedora-gcc 0.2.3 70.28 OK
r-devel-windows-x86_64 0.2.3 9.00 58.00 67.00 OK
r-devel-windows-x86_64-gcc10-UCRT 0.2.3 ERROR
r-patched-linux-x86_64 0.2.3 4.51 51.43 55.94 OK
r-patched-solaris-x86 0.2.3 103.00 OK
r-release-linux-x86_64 0.2.3 4.66 50.99 55.65 OK
r-release-macos-arm64 0.2.3 WARN
r-release-macos-x86_64 0.2.3 OK
r-release-windows-ix86+x86_64 0.2.3 12.00 83.00 95.00 OK
r-oldrel-macos-x86_64 0.2.3 OK

Check Details

Version: 0.2.3
Check: package dependencies
Result: ERROR
    Package required but not available: 'ymlthis'
    
    Packages suggested but not available for checking: 'plotly', 'kableExtra'
    
    See section 'The DESCRIPTION file' in the 'Writing R Extensions'
    manual.
Flavor: r-devel-windows-x86_64-gcc10-UCRT

Version: 0.2.3
Check: package dependencies
Result: NOTE
    Packages suggested but not available for checking:
     'BiocStyle', 'ComplexHeatmap'
Flavor: r-release-macos-arm64

Version: 0.2.3
Check: re-building of vignette outputs
Result: WARN
    Error(s) in re-building vignettes:
     ...
    --- re-building ‘i2dash-extension.Rmd’ using rmarkdown
    Warning in engine$weave(file, quiet = quiet, encoding = enc) :
     Pandoc (>= 1.12.3) not available. Falling back to R Markdown v1.
    Quitting from lines 2-26 (i2dash-extension.Rmd)
    Error: processing vignette 'i2dash-extension.Rmd' failed with diagnostics:
    there is no package called 'BiocStyle'
    --- failed re-building ‘i2dash-extension.Rmd’
    
    --- re-building ‘i2dash-intro.Rmd’ using rmarkdown
    Warning in engine$weave(file, quiet = quiet, encoding = enc) :
     Pandoc (>= 1.12.3) not available. Falling back to R Markdown v1.
    Quitting from lines 2-26 (i2dash-intro.Rmd)
    Error: processing vignette 'i2dash-intro.Rmd' failed with diagnostics:
    there is no package called 'BiocStyle'
    --- failed re-building ‘i2dash-intro.Rmd’
    
    SUMMARY: processing the following files failed:
     ‘i2dash-extension.Rmd’ ‘i2dash-intro.Rmd’
    
    Error: Vignette re-building failed.
    Execution halted
Flavor: r-release-macos-arm64