CRAN Package Check Results for Package hypergeo

Last updated on 2024-02-25 15:51:21 CET.

Flavor Version Tinstall Tcheck Ttotal Status Flags
r-devel-linux-x86_64-debian-clang 1.2-13 5.66 41.50 47.16 OK
r-devel-linux-x86_64-debian-gcc 1.2-13 4.39 40.98 45.37 OK
r-devel-linux-x86_64-fedora-clang 1.2-13 72.18 OK
r-devel-linux-x86_64-fedora-gcc 1.2-13 82.82 OK
r-devel-windows-x86_64 1.2-13 6.00 85.00 91.00 OK
r-patched-linux-x86_64 1.2-13 5.80 44.04 49.84 OK
r-release-linux-x86_64 1.2-13 5.56 40.98 46.54 OK
r-release-macos-arm64 1.2-13 37.00 OK
r-release-macos-x86_64 1.2-13 49.00 NOTE
r-release-windows-x86_64 1.2-13 7.00 87.00 94.00 OK
r-oldrel-macos-arm64 1.2-13 33.00 OK
r-oldrel-windows-x86_64 1.2-13 8.00 89.00 97.00 OK

Check Details

Version: 1.2-13
Check: re-building of vignette outputs
Result: NOTE Error(s) in re-building vignettes: --- re-building ‘hypergeometric.Rnw’ using Sweave Loading required package: hypergeo Loading required package: elliptic Attaching package: ‘elliptic’ The following objects are masked from ‘package:stats’: sd, sigma The following object is masked from ‘package:base’: is.primitive Error: processing vignette 'hypergeometric.Rnw' failed with diagnostics: Running 'texi2dvi' on 'hypergeometric.tex' failed. LaTeX errors: ! LaTeX Error: File `dsfont.sty' not found. Type X to quit or <RETURN> to proceed, or enter new name. (Default extension: sty) ! Emergency stop. <read *> l.4 \usepackage {bbm}^^M ! ==> Fatal error occurred, no output PDF file produced! --- failed re-building ‘hypergeometric.Rnw’ SUMMARY: processing the following file failed: ‘hypergeometric.Rnw’ Error: Vignette re-building failed. Execution halted Flavor: r-release-macos-x86_64