CRAN Package Check Results for Package humanleague

Last updated on 2021-09-18 19:49:33 CEST.

Flavor Version Tinstall Tcheck Ttotal Status Flags
r-devel-linux-x86_64-debian-clang 2.1.8 113.30 30.32 143.62 NOTE
r-devel-linux-x86_64-debian-gcc 2.1.8 63.99 24.12 88.11 NOTE
r-devel-linux-x86_64-fedora-clang 2.1.8 173.58 NOTE
r-devel-linux-x86_64-fedora-gcc 2.1.8 155.61 NOTE
r-devel-windows-x86_64 2.1.8 92.00 65.00 157.00 NOTE
r-devel-windows-x86_64-gcc10-UCRT 2.1.8 NOTE
r-patched-linux-x86_64 2.1.8 72.51 29.79 102.30 NOTE
r-patched-solaris-x86 2.1.8 180.70 NOTE
r-release-linux-x86_64 2.1.8 69.87 29.53 99.40 NOTE
r-release-macos-arm64 2.1.8 NOTE
r-release-macos-x86_64 2.1.8 NOTE
r-release-windows-ix86+x86_64 2.1.8 248.00 69.00 317.00 NOTE
r-oldrel-macos-x86_64 2.1.8 NOTE
r-oldrel-windows-ix86+x86_64 2.1.8 253.00 65.00 318.00 OK

Check Details

Version: 2.1.8
Check: LazyData
Result: NOTE
     'LazyData' is specified without a 'data' directory
Flavors: r-devel-linux-x86_64-debian-clang, r-devel-linux-x86_64-debian-gcc, r-devel-linux-x86_64-fedora-clang, r-devel-linux-x86_64-fedora-gcc, r-devel-windows-x86_64, r-devel-windows-x86_64-gcc10-UCRT, r-patched-linux-x86_64, r-patched-solaris-x86, r-release-linux-x86_64, r-release-macos-arm64, r-release-macos-x86_64, r-release-windows-ix86+x86_64

Version: 2.1.8
Check: installed package size
Result: NOTE
     installed size is 7.2Mb
     sub-directories of 1Mb or more:
     libs 7.1Mb
Flavors: r-devel-linux-x86_64-fedora-clang, r-release-macos-arm64, r-release-macos-x86_64, r-oldrel-macos-x86_64