CRAN Package Check Results for Package humanleague

Last updated on 2021-06-16 19:49:48 CEST.

Flavor Version Tinstall Tcheck Ttotal Status Flags
r-devel-linux-x86_64-debian-clang 2.1.8 116.79 31.04 147.83 NOTE
r-devel-linux-x86_64-debian-gcc 2.1.8 66.23 24.19 90.42 NOTE
r-devel-linux-x86_64-fedora-clang 2.1.8 172.55 NOTE
r-devel-linux-x86_64-fedora-gcc 2.1.8 155.00 NOTE
r-devel-windows-x86_64 2.1.8 118.00 47.00 165.00 NOTE
r-devel-windows-x86_64-gcc10-UCRT 2.1.8 NOTE
r-patched-linux-x86_64 2.1.8 71.36 29.93 101.29 NOTE
r-patched-solaris-x86 2.1.8 181.00 NOTE
r-release-linux-x86_64 2.1.8 74.98 30.15 105.13 NOTE
r-release-macos-arm64 2.1.8 NOTE
r-release-macos-x86_64 2.1.8 NOTE
r-release-windows-ix86+x86_64 2.1.8 252.00 82.00 334.00 NOTE
r-oldrel-macos-x86_64 2.1.8 NOTE
r-oldrel-windows-ix86+x86_64 2.1.8 188.00 87.00 275.00 OK

Check Details

Version: 2.1.8
Check: LazyData
Result: NOTE
     'LazyData' is specified without a 'data' directory
Flavors: r-devel-linux-x86_64-debian-clang, r-devel-linux-x86_64-debian-gcc, r-devel-linux-x86_64-fedora-clang, r-devel-linux-x86_64-fedora-gcc, r-devel-windows-x86_64, r-devel-windows-x86_64-gcc10-UCRT, r-patched-linux-x86_64, r-patched-solaris-x86, r-release-linux-x86_64, r-release-macos-arm64, r-release-macos-x86_64, r-release-windows-ix86+x86_64

Version: 2.1.8
Check: installed package size
Result: NOTE
     installed size is 7.5Mb
     sub-directories of 1Mb or more:
     libs 7.4Mb
Flavors: r-devel-linux-x86_64-fedora-clang, r-release-macos-arm64, r-release-macos-x86_64, r-oldrel-macos-x86_64