CRAN Package Check Results for Package httpuv

Last updated on 2021-06-19 11:51:50 CEST.

Flavor Version Tinstall Tcheck Ttotal Status Flags
r-devel-linux-x86_64-debian-clang 1.6.1 226.86 41.74 268.60 NOTE
r-devel-linux-x86_64-debian-gcc 1.6.1 147.23 33.74 180.97 NOTE
r-devel-linux-x86_64-fedora-clang 1.6.1 384.13 NOTE
r-devel-linux-x86_64-fedora-gcc 1.6.1 332.37 NOTE
r-devel-windows-x86_64 1.6.1 307.00 59.00 366.00 NOTE
r-devel-windows-x86_64-gcc10-UCRT 1.6.1 NOTE
r-patched-linux-x86_64 1.6.1 176.11 41.09 217.20 NOTE
r-patched-solaris-x86 1.6.1 320.00 NOTE
r-release-linux-x86_64 1.6.1 172.48 41.08 213.56 NOTE
r-release-macos-arm64 1.6.1 NOTE
r-release-macos-x86_64 1.6.1 NOTE
r-release-windows-ix86+x86_64 1.6.1 540.00 97.00 637.00 NOTE
r-oldrel-macos-x86_64 1.6.1 NOTE
r-oldrel-windows-ix86+x86_64 1.6.1 403.00 103.00 506.00 NOTE

Check Details

Version: 1.6.1
Check: for GNU extensions in Makefiles
Result: NOTE
    GNU make is a SystemRequirements.
Flavors: r-devel-linux-x86_64-debian-clang, r-devel-linux-x86_64-debian-gcc, r-devel-linux-x86_64-fedora-clang, r-devel-linux-x86_64-fedora-gcc, r-devel-windows-x86_64, r-devel-windows-x86_64-gcc10-UCRT, r-patched-linux-x86_64, r-patched-solaris-x86, r-release-linux-x86_64, r-release-macos-arm64, r-release-macos-x86_64, r-release-windows-ix86+x86_64, r-oldrel-macos-x86_64, r-oldrel-windows-ix86+x86_64

Version: 1.6.1
Check: installed package size
Result: NOTE
     installed size is 8.0Mb
     sub-directories of 1Mb or more:
     libs 7.6Mb
Flavors: r-devel-linux-x86_64-fedora-clang, r-release-macos-arm64, r-release-macos-x86_64, r-oldrel-macos-x86_64