CRAN Package Check Results for Package htmltidy

Last updated on 2021-06-18 15:50:27 CEST.

Flavor Version Tinstall Tcheck Ttotal Status Flags
r-devel-linux-x86_64-debian-clang 0.5.0 56.70 37.97 94.67 NOTE
r-devel-linux-x86_64-debian-gcc 0.5.0 34.90 30.14 65.04 NOTE
r-devel-linux-x86_64-fedora-clang 0.5.0 134.03 NOTE
r-devel-linux-x86_64-fedora-gcc 0.5.0 110.58 NOTE
r-devel-windows-x86_64 0.5.0 75.00 72.00 147.00 NOTE
r-devel-windows-x86_64-gcc10-UCRT 0.5.0 NOTE
r-patched-linux-x86_64 0.5.0 37.12 37.57 74.69 NOTE
r-patched-solaris-x86 0.5.0 118.20 NOTE
r-release-linux-x86_64 0.5.0 38.40 38.23 76.63 NOTE
r-release-macos-arm64 0.5.0 NOTE
r-release-macos-x86_64 0.5.0 NOTE
r-release-windows-ix86+x86_64 0.5.0 140.00 91.00 231.00 NOTE
r-oldrel-macos-x86_64 0.5.0 OK
r-oldrel-windows-ix86+x86_64 0.5.0 111.00 90.00 201.00 NOTE

Check Details

Version: 0.5.0
Check: LazyData
Result: NOTE
     'LazyData' is specified without a 'data' directory
Flavors: r-devel-linux-x86_64-debian-clang, r-devel-linux-x86_64-debian-gcc, r-devel-linux-x86_64-fedora-clang, r-devel-linux-x86_64-fedora-gcc, r-devel-windows-x86_64, r-devel-windows-x86_64-gcc10-UCRT, r-patched-linux-x86_64, r-patched-solaris-x86, r-release-linux-x86_64, r-release-macos-arm64, r-release-macos-x86_64, r-release-windows-ix86+x86_64

Version: 0.5.0
Check: installed package size
Result: NOTE
     installed size is 5.1Mb
     sub-directories of 1Mb or more:
     htmlwidgets 1.8Mb
     libs 3.1Mb
Flavors: r-release-windows-ix86+x86_64, r-oldrel-windows-ix86+x86_64