CRAN Package Check Results for Package hsstan

Last updated on 2021-06-14 11:52:53 CEST.

Flavor Version Tinstall Tcheck Ttotal Status Flags
r-devel-linux-x86_64-debian-clang 0.8 456.31 130.17 586.48 OK
r-devel-linux-x86_64-debian-gcc 0.8 399.61 115.87 515.48 OK
r-devel-linux-x86_64-fedora-clang 0.8 816.78 NOTE
r-devel-linux-x86_64-fedora-gcc 0.8 890.37 NOTE
r-devel-windows-x86_64 0.8 513.00 263.00 776.00 OK
r-devel-windows-x86_64-gcc10-UCRT 0.8 WARN
r-patched-linux-x86_64 0.8 434.92 147.04 581.96 OK
r-patched-solaris-x86 0.8 796.30 OK
r-release-linux-x86_64 0.8 370.40 147.89 518.29 OK
r-release-macos-arm64 0.8 NOTE
r-release-macos-x86_64 0.8 NOTE
r-release-windows-ix86+x86_64 0.8 792.00 444.00 1236.00 NOTE
r-oldrel-macos-x86_64 0.8 NOTE
r-oldrel-windows-ix86+x86_64 0.8 884.00 458.00 1342.00 NOTE

Check Details

Version: 0.8
Check: installed package size
Result: NOTE
     installed size is 65.7Mb
     sub-directories of 1Mb or more:
     libs 65.1Mb
Flavors: r-devel-linux-x86_64-fedora-clang, r-release-macos-arm64, r-release-macos-x86_64, r-release-windows-ix86+x86_64, r-oldrel-macos-x86_64, r-oldrel-windows-ix86+x86_64

Version: 0.8
Check: for GNU extensions in Makefiles
Result: NOTE
    GNU make is a SystemRequirements.
Flavors: r-devel-linux-x86_64-fedora-clang, r-devel-linux-x86_64-fedora-gcc, r-devel-windows-x86_64-gcc10-UCRT, r-release-macos-arm64, r-release-macos-x86_64, r-oldrel-macos-x86_64

Version: 0.8
Check: line endings in C/C++/Fortran sources/headers
Result: NOTE
    Found the following sources/headers with CR or CRLF line endings:
     src/RcppExports.cpp
     src/stanExports_base.cc
     src/stanExports_base.h
     src/stanExports_base_logit.cc
     src/stanExports_base_logit.h
     src/stanExports_hs.cc
     src/stanExports_hs.h
     src/stanExports_hs_logit.cc
     src/stanExports_hs_logit.h
    Some Unix compilers require LF line endings.
Flavor: r-devel-windows-x86_64-gcc10-UCRT

Version: 0.8
Check: line endings in Makefiles
Result: WARN
    Found the following Makefile(s) with CR or CRLF line endings:
     src/Makevars
    Some Unix 'make' programs require LF line endings.
Flavor: r-devel-windows-x86_64-gcc10-UCRT