CRAN Package Check Results for Package hsphase

Last updated on 2021-04-20 23:47:45 CEST.

Flavor Version Tinstall Tcheck Ttotal Status Flags
r-devel-linux-x86_64-debian-clang 2.0.2 76.67 58.03 134.70 OK
r-devel-linux-x86_64-debian-gcc 2.0.2 47.31 44.15 91.46 OK
r-devel-linux-x86_64-fedora-clang 2.0.2 199.11 NOTE
r-devel-linux-x86_64-fedora-gcc 2.0.2 158.86 NOTE
r-devel-windows-ix86+x86_64 2.0.2 170.00 78.00 248.00 OK
r-devel-windows-x86_64-gcc10-UCRT 2.0.2 OK
r-patched-linux-x86_64 2.0.2 54.87 56.57 111.44 OK
r-patched-solaris-x86 2.0.2 156.30 OK
r-release-linux-x86_64 2.0.2 54.57 55.69 110.26 OK
r-release-macos-x86_64 2.0.2 OK
r-release-windows-ix86+x86_64 2.0.2 168.00 108.00 276.00 OK
r-oldrel-macos-x86_64 2.0.2 OK
r-oldrel-windows-ix86+x86_64 2.0.2 131.00 101.00 232.00 OK

Check Details

Version: 2.0.2
Check: compiled code
Result: NOTE
    File ‘hsphase/libs/hsphase.so’:
     Found no calls to: ‘R_registerRoutines’, ‘R_useDynamicSymbols’
    
    It is good practice to register native routines and to disable symbol
    search.
    
    See ‘Writing portable packages’ in the ‘Writing R Extensions’ manual.
Flavors: r-devel-linux-x86_64-fedora-clang, r-devel-linux-x86_64-fedora-gcc