CRAN Package Check Results for Package hrqglas

Last updated on 2024-05-19 03:55:37 CEST.

Flavor Version Tinstall Tcheck Ttotal Status Flags
r-devel-linux-x86_64-debian-clang 1.1.0 9.39 70.11 79.50 OK
r-devel-linux-x86_64-debian-gcc 1.1.0 6.85 50.77 57.62 OK
r-devel-linux-x86_64-fedora-clang 1.1.0 97.00 NOTE
r-devel-linux-x86_64-fedora-gcc 1.1.0 143.40 NOTE
r-devel-windows-x86_64 1.1.0 10.00 65.00 75.00 OK
r-patched-linux-x86_64 1.1.0 8.88 64.22 73.10 OK
r-release-linux-x86_64 1.1.0 8.51 65.95 74.46 OK
r-release-macos-arm64 1.1.0 28.00 OK
r-release-windows-x86_64 1.1.0 10.00 68.00 78.00 OK
r-oldrel-macos-arm64 1.1.0 36.00 OK
r-oldrel-macos-x86_64 1.1.0 50.00 OK
r-oldrel-windows-x86_64 1.1.0 13.00 76.00 89.00 OK

Check Details

Version: 1.1.0
Check: dependencies in R code
Result: NOTE Namespaces in Imports field not imported from: ‘Rcpp’ ‘quantreg’ All declared Imports should be used. Flavors: r-devel-linux-x86_64-fedora-clang, r-devel-linux-x86_64-fedora-gcc