Last updated on 2021-04-11 11:49:27 CEST.
Flavor | Version | Tinstall | Tcheck | Ttotal | Status | Flags |
---|---|---|---|---|---|---|
r-devel-linux-x86_64-debian-clang | 1.0.0 | 10.81 | 133.17 | 143.98 | NOTE | |
r-devel-linux-x86_64-debian-gcc | 1.0.0 | 9.01 | 93.82 | 102.83 | NOTE | |
r-devel-linux-x86_64-fedora-clang | 1.0.0 | 173.34 | NOTE | |||
r-devel-linux-x86_64-fedora-gcc | 1.0.0 | 161.68 | NOTE | |||
r-devel-windows-ix86+x86_64 | 1.0.0 | 24.00 | 113.00 | 137.00 | OK | |
r-devel-windows-x86_64-gcc10-UCRT | 1.0.0 | NOTE | ||||
r-patched-linux-x86_64 | 1.0.0 | 10.70 | 118.54 | 129.24 | NOTE | |
r-patched-solaris-x86 | 1.0.0 | 236.10 | NOTE | |||
r-release-linux-x86_64 | 1.0.0 | 10.23 | 117.70 | 127.93 | NOTE | |
r-release-macos-x86_64 | 1.0.0 | NOTE | ||||
r-release-windows-ix86+x86_64 | 1.0.0 | 32.00 | 151.00 | 183.00 | OK | |
r-oldrel-macos-x86_64 | 1.0.0 | NOTE | ||||
r-oldrel-windows-ix86+x86_64 | 1.0.0 | 23.00 | 102.00 | 125.00 | OK |
Version: 1.0.0
Check: for non-standard things in the check directory
Result: NOTE
Found the following files/directories:
'NUL'
Flavors: r-devel-linux-x86_64-debian-clang, r-devel-linux-x86_64-debian-gcc, r-devel-linux-x86_64-fedora-clang, r-devel-linux-x86_64-fedora-gcc, r-patched-linux-x86_64, r-patched-solaris-x86, r-release-linux-x86_64
Version: 1.0.0
Check: dependencies in R code
Result: NOTE
Namespaces in Imports field not imported from:
‘MASS’ ‘Rdpack’
All declared Imports should be used.
Flavors: r-devel-linux-x86_64-fedora-clang, r-devel-linux-x86_64-fedora-gcc, r-devel-windows-x86_64-gcc10-UCRT, r-patched-solaris-x86, r-release-macos-x86_64, r-oldrel-macos-x86_64