CRAN Package Check Results for Package hopit

Last updated on 2021-06-14 11:52:53 CEST.

Flavor Version Tinstall Tcheck Ttotal Status Flags
r-devel-linux-x86_64-debian-clang 0.10.3 52.34 118.65 170.99 OK
r-devel-linux-x86_64-debian-gcc 0.10.3 35.26 89.82 125.08 OK
r-devel-linux-x86_64-fedora-clang 0.10.3 224.03 NOTE
r-devel-linux-x86_64-fedora-gcc 0.10.3 202.25 NOTE
r-devel-windows-x86_64 0.10.3 53.00 169.00 222.00 OK
r-devel-windows-x86_64-gcc10-UCRT 0.10.3 NOTE
r-patched-linux-x86_64 0.10.3 38.97 116.25 155.22 OK
r-patched-solaris-x86 0.10.3 308.90 NOTE
r-release-linux-x86_64 0.10.3 43.00 115.26 158.26 OK
r-release-macos-arm64 0.10.3 NOTE
r-release-macos-x86_64 0.10.3 NOTE
r-release-windows-ix86+x86_64 0.10.3 99.00 269.00 368.00 OK
r-oldrel-macos-x86_64 0.10.3 NOTE
r-oldrel-windows-ix86+x86_64 0.10.3 67.00 250.00 317.00 OK

Check Details

Version: 0.10.3
Check: installed package size
Result: NOTE
     installed size is 9.3Mb
     sub-directories of 1Mb or more:
     libs 8.6Mb
Flavors: r-devel-linux-x86_64-fedora-clang, r-release-macos-arm64, r-release-macos-x86_64, r-oldrel-macos-x86_64

Version: 0.10.3
Check: dependencies in R code
Result: NOTE
    Namespace in Imports field not imported from: ‘Matrix’
     All declared Imports should be used.
Flavors: r-devel-linux-x86_64-fedora-clang, r-devel-linux-x86_64-fedora-gcc, r-devel-windows-x86_64-gcc10-UCRT, r-patched-solaris-x86, r-release-macos-arm64, r-release-macos-x86_64, r-oldrel-macos-x86_64