CRAN Package Check Results for Package homeR

Last updated on 2021-09-21 15:50:56 CEST.

Flavor Version Tinstall Tcheck Ttotal Status Flags
r-devel-linux-x86_64-debian-clang 0.3.0 1.89 152.56 154.45 OK
r-devel-linux-x86_64-debian-gcc 0.3.0 1.49 99.26 100.75 OK
r-devel-linux-x86_64-fedora-clang 0.3.0 176.30 OK
r-devel-linux-x86_64-fedora-gcc 0.3.0 171.21 OK
r-devel-windows-x86_64 0.3.0 3.00 120.00 123.00 OK
r-devel-windows-x86_64-gcc10-UCRT 0.3.0 ERROR
r-patched-linux-x86_64 0.3.0 1.83 132.63 134.46 OK
r-patched-solaris-x86 0.3.0 188.10 OK
r-release-linux-x86_64 0.3.0 1.71 135.37 137.08 OK
r-release-macos-arm64 0.3.0 OK
r-release-macos-x86_64 0.3.0 OK
r-release-windows-ix86+x86_64 0.3.0 4.00 129.00 133.00 OK
r-oldrel-macos-x86_64 0.3.0 OK
r-oldrel-windows-ix86+x86_64 0.3.0 4.00 117.00 121.00 OK

Check Details

Version: 0.3.0
Check: whether package can be installed
Result: WARN
    Found the following significant warnings:
     WARNING: installation-time patches will not be applied, could not get the patches index
Flavor: r-devel-windows-x86_64-gcc10-UCRT

Version: 0.3.0
Check: PDF version of manual
Result: WARN
    LaTeX errors when creating PDF version.
    This typically indicates Rd problems.
Flavor: r-devel-windows-x86_64-gcc10-UCRT

Version: 0.3.0
Check: PDF version of manual without hyperrefs or index
Result: ERROR
    Re-running with no redirection of stdout/stderr.
Flavor: r-devel-windows-x86_64-gcc10-UCRT