CRAN Package Check Results for Package hlaR

Last updated on 2021-09-22 07:51:20 CEST.

Flavor Version Tinstall Tcheck Ttotal Status Flags
r-devel-linux-x86_64-debian-clang 0.1.0 13.31 295.65 308.96 OK
r-devel-linux-x86_64-debian-gcc 0.1.0 11.09 210.88 221.97 OK
r-devel-linux-x86_64-fedora-clang 0.1.0 348.08 NOTE
r-devel-linux-x86_64-fedora-gcc 0.1.0 348.19 NOTE
r-devel-windows-x86_64 0.1.0 15.00 265.00 280.00 OK
r-devel-windows-x86_64-gcc10-UCRT 0.1.0 ERROR
r-patched-linux-x86_64 0.1.0 13.79 275.44 289.23 OK
r-patched-solaris-x86 0.1.0 193.40 NOTE
r-release-linux-x86_64 0.1.0 12.01 275.64 287.65 OK
r-release-macos-arm64 0.1.0 NOTE
r-release-macos-x86_64 0.1.0 NOTE
r-release-windows-ix86+x86_64 0.1.0 33.00 294.00 327.00 OK
r-oldrel-macos-x86_64 0.1.0 NOTE
r-oldrel-windows-ix86+x86_64 0.1.0 23.00 325.00 348.00 OK

Check Details

Version: 0.1.0
Check: dependencies in R code
Result: NOTE
    Namespaces in Imports field not imported from:
     ‘here’ ‘readxlsb’ ‘usethis’
     All declared Imports should be used.
Flavors: r-devel-linux-x86_64-fedora-clang, r-devel-linux-x86_64-fedora-gcc, r-patched-solaris-x86, r-release-macos-arm64, r-release-macos-x86_64, r-oldrel-macos-x86_64

Version: 0.1.0
Check: package dependencies
Result: ERROR
    Packages required but not available: 'devtools', 'tidyverse', 'readxlsb'
    
    See section 'The DESCRIPTION file' in the 'Writing R Extensions'
    manual.
Flavor: r-devel-windows-x86_64-gcc10-UCRT